{"id":8631,"date":"2024-07-16T15:02:31","date_gmt":"2024-07-16T18:02:31","guid":{"rendered":"http:\/\/www.cinep.pb.gov.br\/portal\/?page_id=8631"},"modified":"2024-10-01T15:13:06","modified_gmt":"2024-10-01T18:13:06","slug":"procedimento-licitatorio-003-2024","status":"publish","type":"page","link":"https:\/\/www.cinep.pb.gov.br\/portal\/?page_id=8631","title":{"rendered":"PROCEDIMENTO LICITAT\u00d3RIO 003\/2024"},"content":{"rendered":"<p><a href=\"https:\/\/www.cinep.pb.gov.br\/portal\/wp-content\/uploads\/2024\/07\/PL-_003.2024_5\u00aa-EDI\u00c7\u00c3O_DO_EDITAL_COM-ANEXOS_JUL24.pdf\">PL _003.2024_5\u00aa EDI\u00c7\u00c3O_DO_EDITAL_COM ANEXOS_JUL24<\/a><br \/>\n<a href=\"https:\/\/www.cinep.pb.gov.br\/portal\/wp-content\/uploads\/2024\/07\/PUBLICA\u00c7\u00c3O_DOEPB_04-07-2024-pg-22.pdf\">PUBLICA\u00c7\u00c3O_DOEPB_04-07-2024-pg-22<\/a><\/p>\n<p><a href=\"https:\/\/www.cinep.pb.gov.br\/portal\/wp-content\/uploads\/2024\/08\/PUBLICA\u00c7\u00c3O-DE-RESULTADO-DE-HABILITA\u00c7\u00c3O-E-CLASSIFICA\u00c7\u00c3O.pdf\">PUBLICA\u00c7\u00c3O DE RESULTADO DE HABILITA\u00c7\u00c3O E CLASSIFICA\u00c7\u00c3O<\/a> <a href=\"https:\/\/www.cinep.pb.gov.br\/portal\/wp-content\/uploads\/2024\/08\/RESULTADO-DE-CLASSIFICA\u00c7\u00c3O-E-HABILITA\u00c7\u00c3O.pdf\">RESULTADO DE CLASSIFICA\u00c7\u00c3O E HABILITA\u00c7\u00c3O<\/a><\/p>\n<p><a href=\"https:\/\/www.cinep.pb.gov.br\/portal\/wp-content\/uploads\/2024\/08\/RELAT\u00d3RIO-DE-RESULTADO-DE-LICITA\u00c7\u00c3O.pdf\">RELAT\u00d3RIO DE RESULTADO DE LICITA\u00c7\u00c3O<\/a><\/p>\n<p><a href=\"https:\/\/www.cinep.pb.gov.br\/portal\/wp-content\/uploads\/2024\/08\/diario-oficial-24-08-2024-portal-resultado-de-habilita\u00e7\u00e3o-e-classifica\u00e7\u00e3o-23.pdf\">diario-oficial-24-08-2024-portal &#8211; resultado de habilita\u00e7\u00e3o e classifica\u00e7\u00e3o-23<\/a> <a href=\"https:\/\/www.cinep.pb.gov.br\/portal\/wp-content\/uploads\/2024\/08\/PROPOSTA-RSN-LICITAO-032024.pdf\">PROPOSTA RSN LICITAO 032024<\/a><\/p>\n<p><a href=\"https:\/\/www.cinep.pb.gov.br\/portal\/wp-content\/uploads\/2024\/08\/DECLARA\u00c7\u00c3O-DE-RETIRADA-DO-EDITAL_RSN.pdf\">DECLARA\u00c7\u00c3O DE RETIRADA DO EDITAL_RSN<\/a> <a href=\"https:\/\/www.cinep.pb.gov.br\/portal\/wp-content\/uploads\/2024\/08\/CRONOGRAMA_RSN_ass_signed.pdf\">CRONOGRAMA_RSN_ass_signed<\/a><\/p>\n<p><a href=\"https:\/\/www.cinep.pb.gov.br\/portal\/wp-content\/uploads\/2024\/08\/FICHACADASTRALEMPRESA.pdf\">FICHACADASTRALEMPRESA<\/a><\/p>\n<p><a href=\"https:\/\/www.cinep.pb.gov.br\/portal\/wp-content\/uploads\/2024\/08\/PLANILHA-LICITA\u00c7\u00c3O-003-2024-CINEP-RSN-INCOR.pdf\">PLANILHA LICITA\u00c7\u00c3O 003 2024 CINEP RSN INCOR<\/a><\/p>\n<p><a href=\"https:\/\/www.cinep.pb.gov.br\/portal\/wp-content\/uploads\/2024\/08\/ENCARGOS-E-BDI-1.pdf\">ENCARGOS E BDI (1)<\/a><\/p>\n<p><a href=\"https:\/\/www.cinep.pb.gov.br\/portal\/wp-content\/uploads\/2024\/08\/Reforma-Cinep-2024-Or\u00e7amento-Anal\u00edtico.pdf\">Reforma Cinep 2024 &#8211; Or\u00e7amento Anal\u00edtico<\/a><\/p>\n<p><a href=\"https:\/\/www.cinep.pb.gov.br\/portal\/wp-content\/uploads\/2024\/08\/ENCARGOS-E-BDI_RSN.pdf\">ENCARGOS E BDI_RSN<\/a><\/p>\n<p><a href=\"https:\/\/www.cinep.pb.gov.br\/portal\/wp-content\/uploads\/2024\/08\/CAFIL-PB_13.08.pdf\">CAFIL-PB_13.08<\/a><\/p>\n<p><a href=\"https:\/\/www.cinep.pb.gov.br\/portal\/wp-content\/uploads\/2024\/08\/ConsultaConsolidada_TCU_CEIS_CNEP.pdf\">ConsultaConsolidada_TCU_CEIS_CNEP<\/a><\/p>\n<p><a href=\"https:\/\/www.cinep.pb.gov.br\/portal\/wp-content\/uploads\/2024\/08\/Consulta-Regularidade-do-Empregador-09.09.24_ATUALIZADA-RSN.pdf\">Consulta Regularidade do Empregador &#8211; 09.09.24_ATUALIZADA RSN<\/a> <a href=\"https:\/\/www.cinep.pb.gov.br\/portal\/wp-content\/uploads\/2024\/08\/02_DOCUMENTOS-DE-HABILITA\u00c7\u00c3O_compressed-1-1-62.pdf\">02_DOCUMENTOS DE HABILITA\u00c7\u00c3O_compressed (1)-1-62<\/a> <a href=\"https:\/\/www.cinep.pb.gov.br\/portal\/wp-content\/uploads\/2024\/08\/02_DOCUMENTOS-DE-HABILITA\u00c7\u00c3O_compressed-2-63-124.pdf\">02_DOCUMENTOS DE HABILITA\u00c7\u00c3O_compressed (2)-63-124<\/a> <a href=\"https:\/\/www.cinep.pb.gov.br\/portal\/wp-content\/uploads\/2024\/08\/02_DOCUMENTOS-DE-HABILITA\u00c7\u00c3O_compressed-3-125-185.pdf\">02_DOCUMENTOS DE HABILITA\u00c7\u00c3O_compressed (3)-125-185<\/a> <a href=\"https:\/\/www.cinep.pb.gov.br\/portal\/wp-content\/uploads\/2024\/08\/02_DOCUMENTOS-DE-HABILITA\u00c7\u00c3O_compressed-1.pdf\">02_DOCUMENTOS DE HABILITA\u00c7\u00c3O_compressed (1)<\/a><\/p>\n<p><a href=\"https:\/\/www.cinep.pb.gov.br\/portal\/wp-content\/uploads\/2024\/08\/01_PROPOSTA-INICIAL-RSN_compressed.pdf\">01_PROPOSTA INICIAL RSN_compressed<\/a><\/p>\n<p><a href=\"https:\/\/www.cinep.pb.gov.br\/portal\/wp-content\/uploads\/2024\/08\/01_PROPOSTA-INICIAL-F2_compressed.pdf\">01_PROPOSTA INICIAL F2_compressed<\/a><\/p>\n<p><a href=\"https:\/\/www.cinep.pb.gov.br\/portal\/wp-content\/uploads\/2024\/08\/01_PROPOSTA-INICIAL-ECOMAQ.pdf\">01_PROPOSTA INICIAL ECOMAQ<\/a><\/p>\n<p><a href=\"https:\/\/www.cinep.pb.gov.br\/portal\/wp-content\/uploads\/2024\/08\/00_CREDENCIAMENTO-ECOMAQ.pdf\">00_CREDENCIAMENTO ECOMAQ<\/a><\/p>\n<p><a href=\"https:\/\/www.cinep.pb.gov.br\/portal\/wp-content\/uploads\/2024\/08\/ATA-DA-SESS\u00c3O.pdf\">ATA DA SESS\u00c3O<\/a><\/p>\n<p><a href=\"https:\/\/www.cinep.pb.gov.br\/portal\/wp-content\/uploads\/2024\/08\/01_PROPOSTA-INICIAL-F2.pdf\">01_PROPOSTA INICIAL F2<\/a><\/p>\n<p><a href=\"https:\/\/www.cinep.pb.gov.br\/portal\/wp-content\/uploads\/2024\/08\/PROPOSTA-PLANILHA-ECOMAQ.pdf\">PROPOSTA PLANILHA ECOMAQ<\/a><\/p>\n<p><a href=\"https:\/\/www.cinep.pb.gov.br\/portal\/wp-content\/uploads\/2024\/08\/PROPOSTA-ECOMAQ.pdf\">PROPOSTA ECOMAQ<\/a><\/p>\n<p><a href=\"https:\/\/www.cinep.pb.gov.br\/portal\/wp-content\/uploads\/2024\/08\/01_PROPOSTA-SANTENGE.pdf\">01_PROPOSTA SANTENGE<\/a><\/p>\n<p><a href=\"https:\/\/www.cinep.pb.gov.br\/portal\/wp-content\/uploads\/2024\/08\/00_CREDENCIAMENTO-SANTENGE.pdf\">00_CREDENCIAMENTO SANTENGE<\/a><\/p>\n<p><a href=\"https:\/\/www.cinep.pb.gov.br\/portal\/wp-content\/uploads\/2024\/08\/00_CREDENCIAMENTO-F2.pdf\">00_CREDENCIAMENTO F2<\/a><\/p>\n<p><a href=\"https:\/\/www.cinep.pb.gov.br\/portal\/wp-content\/uploads\/2024\/08\/01_PROPOSTA-INICIAL-RSN.pdf\">01_PROPOSTA INICIAL RSN<\/a><\/p>\n<p><a href=\"https:\/\/www.cinep.pb.gov.br\/portal\/wp-content\/uploads\/2024\/08\/00_CREDENCIAMENTO-RSN.pdf\">00_CREDENCIAMENTO &#8211; RSN<\/a><\/p>\n<p><a href=\"https:\/\/www.cinep.pb.gov.br\/portal\/wp-content\/uploads\/2024\/08\/02_DOCUMENTOS-DE-HABILITA\u00c7\u00c3O.pdf\">02_DOCUMENTOS DE HABILITA\u00c7\u00c3O<\/a><\/p>\n<p>&nbsp;<\/p>\n<p><a href=\"https:\/\/www.cinep.pb.gov.br\/portal\/wp-content\/uploads\/2024\/09\/RECURSO-ADMINISTRATIVO-F-DOIS.pdf\">RECURSO ADMINISTRATIVO &#8211; F DOIS<\/a><\/p>\n<p><a href=\"https:\/\/www.cinep.pb.gov.br\/portal\/wp-content\/uploads\/2024\/09\/OF\u00cdCIO-DE-NOTIFICA\u00c7\u00c3O.pdf\">OF\u00cdCIO DE NOTIFICA\u00c7\u00c3O<\/a><\/p>\n<p><a href=\"https:\/\/www.cinep.pb.gov.br\/portal\/wp-content\/uploads\/2024\/09\/Gmail-F-DOIS-RECURSO-ADMINISTRATIVO-PL-03_2024.pdf\">Gmail F DOIS &#8211; RECURSO ADMINISTRATIVO &#8211; PL 03_2024<\/a><\/p>\n<p><a href=\"https:\/\/www.cinep.pb.gov.br\/portal\/wp-content\/uploads\/2024\/10\/01.-DESPACHO-ENGENHARIA.pdf\">01. DESPACHO ENGENHARIA<\/a><\/p>\n<p><a href=\"https:\/\/www.cinep.pb.gov.br\/portal\/wp-content\/uploads\/2024\/10\/03.-SANEAMENTO-PLANILHA-COMPOSI\u00c7\u00c3O-DE-CUSTOS.pdf\">03. SANEAMENTO &#8211; PLANILHA &#8211; COMPOSI\u00c7\u00c3O DE CUSTOS<\/a><\/p>\n<p><a href=\"https:\/\/www.cinep.pb.gov.br\/portal\/wp-content\/uploads\/2024\/10\/05.-SANEAMENTO-LIVRO-DIARIO-2023-18-PBE2400419240.pdf\">05. SANEAMENTO &#8211; LIVRO DIARIO 2023 18 PBE2400419240<\/a><\/p>\n<p><a href=\"https:\/\/www.cinep.pb.gov.br\/portal\/wp-content\/uploads\/2024\/10\/04.-SANEAMENTO-TERMO-DE-AUTENTICACAO-LIVRO-DIARIO-2023-18-PBE2400419240.pdf\">04. SANEAMENTO &#8211; TERMO DE AUTENTICACAO LIVRO DIARIO 2023 18 PBE2400419240<\/a><\/p>\n<p><a href=\"https:\/\/www.cinep.pb.gov.br\/portal\/wp-content\/uploads\/2024\/10\/PUBLICA\u00c7\u00c3O-HOMOLOGA\u00c7\u00c3O-DOEPB-01-10-2024-pg-22.pdf\">PUBLICA\u00c7\u00c3O-HOMOLOGA\u00c7\u00c3O-DOEPB-01-10-2024-pg-22<\/a><\/p>\n","protected":false},"excerpt":{"rendered":"<p>PL _003.2024_5\u00aa EDI\u00c7\u00c3O_DO_EDITAL_COM ANEXOS_JUL24 PUBLICA\u00c7\u00c3O_DOEPB_04-07-2024-pg-22 PUBLICA\u00c7\u00c3O DE RESULTADO DE HABILITA\u00c7\u00c3O E CLASSIFICA\u00c7\u00c3O RESULTADO DE CLASSIFICA\u00c7\u00c3O E HABILITA\u00c7\u00c3O RELAT\u00d3RIO DE RESULTADO DE LICITA\u00c7\u00c3O diario-oficial-24-08-2024-portal &#8211; resultado de habilita\u00e7\u00e3o e classifica\u00e7\u00e3o-23 PROPOSTA RSN LICITAO 032024 DECLARA\u00c7\u00c3O DE RETIRADA DO EDITAL_RSN CRONOGRAMA_RSN_ass_signed FICHACADASTRALEMPRESA PLANILHA LICITA\u00c7\u00c3O 003 2024 CINEP RSN INCOR ENCARGOS E BDI (1) Reforma Cinep 2024 &#8211; Or\u00e7amento Anal\u00edtico ENCARGOS E BDI_RSN CAFIL-PB_13.08 ConsultaConsolidada_TCU_CEIS_CNEP Consulta Regularidade do Empregador &#8211; 09.09.24_ATUALIZADA RSN 02_DOCUMENTOS<\/p>\n","protected":false},"author":12,"featured_media":0,"parent":0,"menu_order":0,"comment_status":"closed","ping_status":"closed","template":"","meta":{"ngg_post_thumbnail":0,"footnotes":""},"class_list":["entry","author-gilbertorodrigues","post-8631","page","type-page","status-publish"],"_links":{"self":[{"href":"https:\/\/www.cinep.pb.gov.br\/portal\/index.php?rest_route=\/wp\/v2\/pages\/8631","targetHints":{"allow":["GET"]}}],"collection":[{"href":"https:\/\/www.cinep.pb.gov.br\/portal\/index.php?rest_route=\/wp\/v2\/pages"}],"about":[{"href":"https:\/\/www.cinep.pb.gov.br\/portal\/index.php?rest_route=\/wp\/v2\/types\/page"}],"author":[{"embeddable":true,"href":"https:\/\/www.cinep.pb.gov.br\/portal\/index.php?rest_route=\/wp\/v2\/users\/12"}],"replies":[{"embeddable":true,"href":"https:\/\/www.cinep.pb.gov.br\/portal\/index.php?rest_route=%2Fwp%2Fv2%2Fcomments&post=8631"}],"version-history":[{"count":8,"href":"https:\/\/www.cinep.pb.gov.br\/portal\/index.php?rest_route=\/wp\/v2\/pages\/8631\/revisions"}],"predecessor-version":[{"id":9058,"href":"https:\/\/www.cinep.pb.gov.br\/portal\/index.php?rest_route=\/wp\/v2\/pages\/8631\/revisions\/9058"}],"wp:attachment":[{"href":"https:\/\/www.cinep.pb.gov.br\/portal\/index.php?rest_route=%2Fwp%2Fv2%2Fmedia&parent=8631"}],"curies":[{"name":"wp","href":"https:\/\/api.w.org\/{rel}","templated":true}]}}