{"id":8583,"date":"2024-05-30T17:57:34","date_gmt":"2024-05-30T20:57:34","guid":{"rendered":"http:\/\/www.cinep.pb.gov.br\/portal\/?page_id=8583"},"modified":"2024-05-30T17:57:35","modified_gmt":"2024-05-30T20:57:35","slug":"publicacoes-2022","status":"publish","type":"page","link":"https:\/\/www.cinep.pb.gov.br\/portal\/?page_id=8583","title":{"rendered":"Publica\u00e7\u00f5es 2022"},"content":{"rendered":"\n<p><a href=\"https:\/\/www.cinep.pb.gov.br\/portal\/wp-content\/uploads\/2019\/06\/ATA-R-EXTRAORDIN\u00c1RIA-C.-ADM.-JUCEP-APROVOU-REGULAMENTO-DE-LICITA\u00c7\u00c3O-CONV.-E-CONTRATOS-DA-CINEP..pdf\">Regulamento interno de licita\u00e7\u00f5es, contratos e conv\u00eanios da Companhia de Desenvolvimento da Para\u00edba &#8211; CINEP &#8211; RILCC<\/a><\/p>\n\n\n\n<p><a href=\"https:\/\/www.cinep.pb.gov.br\/portal\/?page_id=4747\">Minutas de Editais e Contratos<\/a><\/p>\n\n\n<table class=\"table table-bordered table-striped\" style=\"height: 1707px; width: 570px;\" border=\"0\" width=\"570\">\n<thead>\n<tr style=\"height: 32px;\">\n<th style=\"height: 29px; width: 22.4219px;\">#<\/th>\n<th style=\"height: 29px; width: 541.328px;\">Titulo<\/th>\n<\/tr>\n<\/thead>\n<tbody>\n<tr style=\"height: 237px;\">\n<td style=\"width: 22.4219px; height: 237px;\">\n<p>01<\/p>\n<\/td>\n<td style=\"height: 237px; width: 541.328px;\">\n<p style=\"text-align: justify;\"><a href=\"https:\/\/www.cinep.pb.gov.br\/portal\/?page_id=7076\">PREG\u00c3O ELETR\u00d4NICO N\u00ba 001\/2022<\/a><br>Contrata\u00e7\u00e3o de empresa especializada na presta\u00e7\u00e3o de servi\u00e7os continuados de ADMINISTRA\u00c7\u00c3O E GERENCIAMENTO DE ABASTECIMENTO DE COMBUST\u00cdVEIS para os ve\u00edculos da Companhia de Desenvolvimento da Para\u00edba \u2013 CINEP, conforme condi\u00e7\u00f5es, quantidades e exig\u00eancias estabelecidas no presente Termo de Refer\u00eancia.<\/p>\n<\/td>\n<\/tr>\n<tr style=\"height: 240px;\">\n<td style=\"width: 22.4219px; height: 240px;\">\n<p>02<\/p>\n<\/td>\n<td style=\"width: 541.328px; height: 240px;\">\n<p><a href=\"https:\/\/www.cinep.pb.gov.br\/portal\/?page_id=7152\">PROCEDIMENTO LICITAT\u00d3RIO N\u00b0 004\/2022<\/a><\/p>\n<p>Contrata\u00e7\u00e3o de empresa para Elabora\u00e7\u00e3o de Plano de Desenvolvimento Territorial do Turismo Paraibano, conforme condi\u00e7\u00f5es, quantidades e exig\u00eancias estabelecidas em Termo de Refer\u00eancia.<\/p>\n<\/td>\n<\/tr>\n<tr style=\"height: 455px;\">\n<td style=\"width: 22.4219px; height: 455px;\">\n<p>03<\/p>\n<\/td>\n<td style=\"width: 541.328px; height: 455px;\">\n<p><a href=\"https:\/\/www.cinep.pb.gov.br\/portal\/?page_id=7350\">PREG\u00c3O ELETR\u00d4NICO ESTATAL N\u00ba 002\/2022<\/a><\/p>\n<p>Cujo objeto consiste na Contrata\u00e7\u00e3o de empresa especializada na presta\u00e7\u00e3o de servi\u00e7os continuados de LOCA\u00c7\u00c3O DE VE\u00cdCULO AUTOMOTOR \u00e0 Companhia de Desenvolvimento da Para\u00edba \u2013 CINEP, conforme condi\u00e7\u00f5es, quantidades e exig\u00eancias estabelecidas no presente Termo de Refer\u00eancia.<br>Regime de Execu\u00e7\u00e3o: Empreitada por Pre\u00e7o Global. Tipo: Menor Pre\u00e7o. Local: Sala de disputa do www.licita\u00e7\u00f5es-e.com.br. O Edital e seus Anexos poder\u00e3o ser retirados no s\u00edtio eletr\u00f4nico da CINEP, https:\/\/www.cinep.pb.gov.br\/portal\/, na aba \u201cServi\u00e7os\u201d -&gt; \u201cEditais e Licita\u00e7\u00f5es\u201d, no site do Banco do Brasil no endere\u00e7o www.licitacoes-e.com.br, e atrav\u00e9s de solicita\u00e7\u00e3o ao e-mail cineplicitacao@gmail.com. Limite de Acolhimento e Abertura de Propostas: 10h00 (dez horas) do dia 23 de setembro de 2022, no www.licita\u00e7\u00f5es-e.com.br.<\/p>\n<\/td>\n<\/tr>\n<tr style=\"height: 225px;\">\n<td style=\"width: 22.4219px; height: 225px;\">\n<p>04<\/p>\n<\/td>\n<td style=\"width: 541.328px; height: 225px;\">\n<p><a href=\"https:\/\/www.cinep.pb.gov.br\/portal\/?page_id=7636\">PREG\u00c3O ELETR\u00d4NICO ESTATAL N\u00b0003\/2022<\/a><\/p>\n<p>Constitui objeto do presente certame, a Contrata\u00e7\u00e3o de empresa especializada na administra\u00e7\u00e3o, gerenciamento e fornecimento de Vale-Alimenta\u00e7\u00e3o, na forma de cart\u00e3o eletr\u00f4nico, dotados de tecnologia de microprocessador com chip, para os servidores da<br>Companhia de Desenvolvimento da Para\u00edba \u2013 CINEP.<\/p>\n<\/td>\n<\/tr>\n<tr style=\"height: 196px;\">\n<td style=\"width: 22.4219px; height: 196px;\">\n<p>05<\/p>\n<\/td>\n<td style=\"width: 541.328px; height: 196px;\">\n<p><a href=\"https:\/\/www.cinep.pb.gov.br\/portal\/?page_id=7673&amp;preview=true\">PROCEDIMENTO LICITAT\u00d3RIO 005\/2022<\/a><\/p>\n<p>O objeto desta licita\u00e7\u00e3o consiste na contrata\u00e7\u00e3o de empresa&nbsp;<br>especializada para a constru\u00e7\u00e3o de trecho do Polo Tur\u00edstico Cabo Branco,denominado Boulevard dos Ip\u00eas, do DITUR, conforme especifica\u00e7\u00f5es constantes no Projeto B\u00e1sico.<\/p>\n<\/td>\n<\/tr>\n<\/tbody>\n<\/table>\n<table style=\"height: 128px;\">\n<tbody>\n<tr>\n<td style=\"width: 562px;\"><span style=\"color: #191e23;\">Publica\u00e7\u00f5es 2022<\/span><\/td>\n<\/tr>\n<tr style=\"height: 32px;\">\n<td style=\"width: 562px; height: 32px;\"><span style=\"color: #191e23;\"><a href=\"https:\/\/www.cinep.pb.gov.br\/portal\/?page_id=7765\">Publica\u00e7\u00f5es 2021<\/a><\/span><\/td>\n<\/tr>\n<tr style=\"height: 32px;\">\n<td style=\"width: 562px; height: 32px;\"><a href=\"https:\/\/www.cinep.pb.gov.br\/portal\/?page_id=7179\"><span style=\"color: #191e23;\">&nbsp;Publica\u00e7\u00f5es 2019 e 2020<\/span><\/a><\/td>\n<\/tr>\n<tr style=\"height: 32px;\">\n<td style=\"width: 562px; height: 32px;\"><a href=\"https:\/\/www.cinep.pb.gov.br\/portal\/?page_id=4511\"><span style=\"color: #191e23;\">&nbsp;Publica\u00e7\u00f5es 2017 e 2018<\/span><\/a><\/td>\n<\/tr>\n<tr style=\"height: 32px;\">\n<td style=\"width: 562px; height: 32px;\"><a href=\"https:\/\/www.cinep.pb.gov.br\/portal\/?page_id=3390\"><span style=\"color: #191e23;\">&nbsp;Publica\u00e7\u00f5es anteriores a 2017<\/span><\/a><\/td>\n<\/tr>\n<tr>\n<td style=\"width: 562px;\"><a href=\"https:\/\/www.cinep.pb.gov.br\/portal\/?page_id=7985\"><span style=\"color: #191e23;\">&nbsp;INEXIGIBILDADE 2023<\/span><\/a><\/td>\n<\/tr>\n<tr>\n<td style=\"width: 562px;\">&nbsp;<a href=\"https:\/\/www.cinep.pb.gov.br\/portal\/?page_id=8106\"><span style=\"color: #191e23;\">EXTRATOS DE CONTRATOS E TERMOS ADITIVOS<\/span><\/a><\/td>\n<\/tr>\n<\/tbody>\n<\/table>\n\n\n<p><\/p>\n","protected":false},"excerpt":{"rendered":"<p>Regulamento interno de licita\u00e7\u00f5es, contratos e conv\u00eanios da Companhia de Desenvolvimento da Para\u00edba &#8211; CINEP &#8211; RILCC Minutas de Editais e Contratos # Titulo 01 PREG\u00c3O ELETR\u00d4NICO N\u00ba 001\/2022Contrata\u00e7\u00e3o de empresa especializada na presta\u00e7\u00e3o de servi\u00e7os continuados de ADMINISTRA\u00c7\u00c3O E GERENCIAMENTO DE ABASTECIMENTO DE COMBUST\u00cdVEIS para os ve\u00edculos da Companhia de Desenvolvimento da Para\u00edba \u2013 CINEP, conforme condi\u00e7\u00f5es, quantidades e exig\u00eancias estabelecidas no presente Termo de Refer\u00eancia. 02 PROCEDIMENTO LICITAT\u00d3RIO<\/p>\n","protected":false},"author":12,"featured_media":0,"parent":253,"menu_order":0,"comment_status":"closed","ping_status":"closed","template":"","meta":{"ngg_post_thumbnail":0,"footnotes":""},"class_list":["entry","author-gilbertorodrigues","post-8583","page","type-page","status-publish"],"_links":{"self":[{"href":"https:\/\/www.cinep.pb.gov.br\/portal\/index.php?rest_route=\/wp\/v2\/pages\/8583","targetHints":{"allow":["GET"]}}],"collection":[{"href":"https:\/\/www.cinep.pb.gov.br\/portal\/index.php?rest_route=\/wp\/v2\/pages"}],"about":[{"href":"https:\/\/www.cinep.pb.gov.br\/portal\/index.php?rest_route=\/wp\/v2\/types\/page"}],"author":[{"embeddable":true,"href":"https:\/\/www.cinep.pb.gov.br\/portal\/index.php?rest_route=\/wp\/v2\/users\/12"}],"replies":[{"embeddable":true,"href":"https:\/\/www.cinep.pb.gov.br\/portal\/index.php?rest_route=%2Fwp%2Fv2%2Fcomments&post=8583"}],"version-history":[{"count":1,"href":"https:\/\/www.cinep.pb.gov.br\/portal\/index.php?rest_route=\/wp\/v2\/pages\/8583\/revisions"}],"predecessor-version":[{"id":8584,"href":"https:\/\/www.cinep.pb.gov.br\/portal\/index.php?rest_route=\/wp\/v2\/pages\/8583\/revisions\/8584"}],"up":[{"embeddable":true,"href":"https:\/\/www.cinep.pb.gov.br\/portal\/index.php?rest_route=\/wp\/v2\/pages\/253"}],"wp:attachment":[{"href":"https:\/\/www.cinep.pb.gov.br\/portal\/index.php?rest_route=%2Fwp%2Fv2%2Fmedia&parent=8583"}],"curies":[{"name":"wp","href":"https:\/\/api.w.org\/{rel}","templated":true}]}}