{"id":8264,"date":"2023-11-27T16:22:30","date_gmt":"2023-11-27T19:22:30","guid":{"rendered":"http:\/\/www.cinep.pb.gov.br\/portal\/?page_id=8264"},"modified":"2024-01-05T21:16:25","modified_gmt":"2024-01-06T00:16:25","slug":"procedimento-licitatorio-001-2023","status":"publish","type":"page","link":"https:\/\/www.cinep.pb.gov.br\/portal\/?page_id=8264","title":{"rendered":"PROCEDIMENTO LICITAT\u00d3RIO 001\/2023"},"content":{"rendered":"<p><a href=\"https:\/\/www.cinep.pb.gov.br\/portal\/wp-content\/uploads\/2023\/10\/PL-001.2023_EDITALANEXOS_ARQUIVO-COM-DATA-ATUALIZADA_compressed.pdf\">PL 001.2023_EDITAL+ANEXOS_ARQUIVO COM DATA ATUALIZADA_compressed<\/a><\/p>\n<p>&nbsp;<\/p>\n<p><a href=\"https:\/\/www.cinep.pb.gov.br\/portal\/wp-content\/uploads\/2023\/11\/28.-PL-01.2023_ATA-DA-SESS\u00c3O.pdf\">28. PL-01.2023_ATA DA SESS\u00c3O<\/a><\/p>\n<p><a href=\"https:\/\/www.cinep.pb.gov.br\/portal\/wp-content\/uploads\/2023\/11\/29.-PL-01.2023_CREDENCIAMENTO-E-DECLARA\u00c7\u00d5ES-PLANENG.pdf\">29. PL-01.2023_CREDENCIAMENTO E DECLARA\u00c7\u00d5ES PLANENG<\/a><\/p>\n<p><a href=\"https:\/\/www.cinep.pb.gov.br\/portal\/wp-content\/uploads\/2023\/11\/30.-PL-01.2023_-CREDENCIAMENTO-E-DECLARA\u00c7\u00d5ES-SAMPAIO.pdf\">30. PL-01.2023_ CREDENCIAMENTO E DECLARA\u00c7\u00d5ES SAMPAIO<\/a><\/p>\n<p><a href=\"https:\/\/www.cinep.pb.gov.br\/portal\/wp-content\/uploads\/2023\/11\/31.-PL-01.2023_CONSULTA-CONSOLIDADA-PLANENG.pdf\">31. PL-01.2023_CONSULTA CONSOLIDADA PLANENG<\/a><\/p>\n<p><a href=\"https:\/\/www.cinep.pb.gov.br\/portal\/wp-content\/uploads\/2023\/11\/32.-PL-01.2023_CERTID\u00c3O-INID\u00d4NEO_PLANENG.pdf\">32. PL-01.2023_CERTID\u00c3O INID\u00d4NEO_PLANENG<\/a><\/p>\n<p><a href=\"https:\/\/www.cinep.pb.gov.br\/portal\/wp-content\/uploads\/2023\/11\/33.-PL-01.2023_CAFIL_PLANENG.pdf\">33. PL-01.2023_CAFIL_PLANENG<\/a><\/p>\n<p><a href=\"https:\/\/www.cinep.pb.gov.br\/portal\/wp-content\/uploads\/2023\/11\/34.-PL-01.2023_CONSULTA-CONSOLIDADA_SAMPAIO.pdf\">34. PL-01.2023_CONSULTA CONSOLIDADA_SAMPAIO<\/a><\/p>\n<p><a href=\"https:\/\/www.cinep.pb.gov.br\/portal\/wp-content\/uploads\/2023\/11\/35.-PL-01.2023_CERTID\u00c3O-INID\u00d4NEO_SAMPAIO.pdf\">35. PL-01.2023_CERTID\u00c3O INID\u00d4NEO_SAMPAIO<\/a><\/p>\n<p><a href=\"https:\/\/www.cinep.pb.gov.br\/portal\/wp-content\/uploads\/2023\/11\/36.-PL-01.2023_CAFIL_SAMPAIO.pdf\">36. PL-01.2023_CAFIL_SAMPAIO<\/a><\/p>\n<p><a href=\"https:\/\/www.cinep.pb.gov.br\/portal\/wp-content\/uploads\/2023\/11\/37.-PL-01.2023_DOCUMENTA\u00c7\u00c3O_PROPOSTA_PLANENG.pdf\">37. PL-01.2023_DOCUMENTA\u00c7\u00c3O_PROPOSTA_PLANENG<\/a><\/p>\n<p><a href=\"https:\/\/www.cinep.pb.gov.br\/portal\/wp-content\/uploads\/2023\/11\/38.-PL-01.2023_DOCUMENTA\u00c7\u00c3O-PROPOSTA_SAMPAIO.pdf\">38. PL-01.2023_DOCUMENTA\u00c7\u00c3O PROPOSTA_SAMPAIO<\/a><\/p>\n<p><a href=\"https:\/\/www.cinep.pb.gov.br\/portal\/wp-content\/uploads\/2023\/11\/39.-PL-01.2023_DOCUMENTOS-DE-HABILITA\u00c7\u00c3O_SAMPAIO.pdf\">39. PL-01.2023_DOCUMENTOS DE HABILITA\u00c7\u00c3O_SAMPAIO<\/a><\/p>\n<p><a href=\"https:\/\/www.cinep.pb.gov.br\/portal\/wp-content\/uploads\/2023\/11\/40.-PL-01.2023_RESULTADO-DO-PROCEDIMENTO-LICITAT\u00d3RIO.pdf\">40. PL-01.2023_RESULTADO DO PROCEDIMENTO LICITAT\u00d3RIO<\/a><\/p>\n<p><a href=\"https:\/\/www.cinep.pb.gov.br\/portal\/wp-content\/uploads\/2023\/11\/41.-PL-01.2023_PUBLICA\u00c7\u00c3O_DOEPB_CLASSIFICA\u00c7\u00c3O-E-HABILITA\u00c7\u00c3O.pdf\">41. PL-01.2023_PUBLICA\u00c7\u00c3O_DOEPB_CLASSIFICA\u00c7\u00c3O E HABILITA\u00c7\u00c3O<\/a><\/p>\n<p><a href=\"https:\/\/www.cinep.pb.gov.br\/portal\/wp-content\/uploads\/2023\/11\/42.-PL-01.2023_PUBLICA\u00c7\u00c3O_JORNAL-A-UNI\u00c3O_CLASSIFICA\u00c7\u00c3O-E-HABILITA\u00c7\u00c3O.pdf\">42. PL-01.2023_PUBLICA\u00c7\u00c3O_JORNAL A UNI\u00c3O_CLASSIFICA\u00c7\u00c3O E HABILITA\u00c7\u00c3O<\/a><\/p>\n<p><a href=\"https:\/\/www.cinep.pb.gov.br\/portal\/wp-content\/uploads\/2023\/11\/Gmail-Recurso-administrativo-processo-administrativo-01_2023.pdf\">Gmail &#8211; Recurso administrativo processo administrativo 01_2023<\/a><\/p>\n<p><a href=\"https:\/\/www.cinep.pb.gov.br\/portal\/wp-content\/uploads\/2023\/11\/recurso-3-planeng.pdf\">recurso 3 &#8211; planeng<\/a><\/p>\n<p><a href=\"https:\/\/www.cinep.pb.gov.br\/portal\/wp-content\/uploads\/2023\/12\/CONTRARAZ\u00d5ES_SAMPAIO_Procedimento-Licitat\u00f3rio-N\u00b0-01.2023.pdf\">CONTRARAZ\u00d5ES_SAMPAIO_Procedimento Licitat\u00f3rio N\u00b0 01.2023<\/a> <a href=\"https:\/\/www.cinep.pb.gov.br\/portal\/wp-content\/uploads\/2023\/12\/DECLARA\u00c7\u00c3O-CINEP_SAMPAIO.pdf\">DECLARA\u00c7\u00c3O CINEP_SAMPAIO<\/a><\/p>\n<p><a href=\"https:\/\/www.cinep.pb.gov.br\/portal\/wp-content\/uploads\/2024\/01\/46.PL-01.2023_DECLARAC\u00c3O-SUBSIDIARIEDADE_EMPRESA-SAMPAIO.pdf\">46.PL-01.2023_DECLARAC\u00c3O SUBSIDIARIEDADE_EMPRESA SAMPAIO<\/a> <a href=\"https:\/\/www.cinep.pb.gov.br\/portal\/wp-content\/uploads\/2024\/01\/47.PL-01.2023_JULGAMENTO-RECURSO-ADMINISTRATIVO_EMPRESA-PLANENG.pdf\">47.PL-01.2023_JULGAMENTO RECURSO ADMINISTRATIVO_EMPRESA PLANENG<\/a><\/p>\n<p><a href=\"https:\/\/www.cinep.pb.gov.br\/portal\/wp-content\/uploads\/2024\/01\/48.PL-01.2023_TERMO-DE-ADJUDICA\u00c7\u00c3O.pdf\">48.PL-01.2023_TERMO DE ADJUDICA\u00c7\u00c3O<\/a><\/p>\n<p><a href=\"https:\/\/www.cinep.pb.gov.br\/portal\/wp-content\/uploads\/2024\/01\/49.PL-01.2023_TERMO-DE-HOMOLOGA\u00c7\u00c3O.pdf\">49.PL-01.2023_TERMO DE HOMOLOGA\u00c7\u00c3O<\/a><\/p>\n<p><a href=\"https:\/\/www.cinep.pb.gov.br\/portal\/wp-content\/uploads\/2024\/01\/50.PL-01.2023_publicacao_RESULTADO-JULGAMENTO-RECURSO-ADMINISTRATIVO_EMPRESA-PLANENG.pdf\">50.PL-01.2023_publicacao_RESULTADO JULGAMENTO RECURSO ADMINISTRATIVO_EMPRESA PLANENG<\/a><\/p>\n","protected":false},"excerpt":{"rendered":"<p>PL 001.2023_EDITAL+ANEXOS_ARQUIVO COM DATA ATUALIZADA_compressed &nbsp; 28. PL-01.2023_ATA DA SESS\u00c3O 29. PL-01.2023_CREDENCIAMENTO E DECLARA\u00c7\u00d5ES PLANENG 30. PL-01.2023_ CREDENCIAMENTO E DECLARA\u00c7\u00d5ES SAMPAIO 31. PL-01.2023_CONSULTA CONSOLIDADA PLANENG 32. PL-01.2023_CERTID\u00c3O INID\u00d4NEO_PLANENG 33. PL-01.2023_CAFIL_PLANENG 34. PL-01.2023_CONSULTA CONSOLIDADA_SAMPAIO 35. PL-01.2023_CERTID\u00c3O INID\u00d4NEO_SAMPAIO 36. PL-01.2023_CAFIL_SAMPAIO 37. PL-01.2023_DOCUMENTA\u00c7\u00c3O_PROPOSTA_PLANENG 38. PL-01.2023_DOCUMENTA\u00c7\u00c3O PROPOSTA_SAMPAIO 39. PL-01.2023_DOCUMENTOS DE HABILITA\u00c7\u00c3O_SAMPAIO 40. PL-01.2023_RESULTADO DO PROCEDIMENTO LICITAT\u00d3RIO 41. PL-01.2023_PUBLICA\u00c7\u00c3O_DOEPB_CLASSIFICA\u00c7\u00c3O E HABILITA\u00c7\u00c3O 42. PL-01.2023_PUBLICA\u00c7\u00c3O_JORNAL A UNI\u00c3O_CLASSIFICA\u00c7\u00c3O E HABILITA\u00c7\u00c3O Gmail &#8211; Recurso administrativo processo administrativo 01_2023 recurso<\/p>\n","protected":false},"author":12,"featured_media":0,"parent":0,"menu_order":0,"comment_status":"closed","ping_status":"closed","template":"","meta":{"ngg_post_thumbnail":0,"footnotes":""},"class_list":["entry","author-gilbertorodrigues","post-8264","page","type-page","status-publish"],"_links":{"self":[{"href":"https:\/\/www.cinep.pb.gov.br\/portal\/index.php?rest_route=\/wp\/v2\/pages\/8264","targetHints":{"allow":["GET"]}}],"collection":[{"href":"https:\/\/www.cinep.pb.gov.br\/portal\/index.php?rest_route=\/wp\/v2\/pages"}],"about":[{"href":"https:\/\/www.cinep.pb.gov.br\/portal\/index.php?rest_route=\/wp\/v2\/types\/page"}],"author":[{"embeddable":true,"href":"https:\/\/www.cinep.pb.gov.br\/portal\/index.php?rest_route=\/wp\/v2\/users\/12"}],"replies":[{"embeddable":true,"href":"https:\/\/www.cinep.pb.gov.br\/portal\/index.php?rest_route=%2Fwp%2Fv2%2Fcomments&post=8264"}],"version-history":[{"count":5,"href":"https:\/\/www.cinep.pb.gov.br\/portal\/index.php?rest_route=\/wp\/v2\/pages\/8264\/revisions"}],"predecessor-version":[{"id":8401,"href":"https:\/\/www.cinep.pb.gov.br\/portal\/index.php?rest_route=\/wp\/v2\/pages\/8264\/revisions\/8401"}],"wp:attachment":[{"href":"https:\/\/www.cinep.pb.gov.br\/portal\/index.php?rest_route=%2Fwp%2Fv2%2Fmedia&parent=8264"}],"curies":[{"name":"wp","href":"https:\/\/api.w.org\/{rel}","templated":true}]}}