{"id":7985,"date":"2023-10-05T09:23:30","date_gmt":"2023-10-05T12:23:30","guid":{"rendered":"http:\/\/www.cinep.pb.gov.br\/portal\/?page_id=7985"},"modified":"2023-10-05T09:23:30","modified_gmt":"2023-10-05T12:23:30","slug":"editais-e-licitacoes-4","status":"publish","type":"page","link":"https:\/\/www.cinep.pb.gov.br\/portal\/?page_id=7985","title":{"rendered":"Editais e Licita\u00e7\u00f5es"},"content":{"rendered":"\n<p><a href=\"https:\/\/www.cinep.pb.gov.br\/portal\/wp-content\/uploads\/2019\/06\/ATA-R-EXTRAORDIN\u00c1RIA-C.-ADM.-JUCEP-APROVOU-REGULAMENTO-DE-LICITA\u00c7\u00c3O-CONV.-E-CONTRATOS-DA-CINEP..pdf\">Regulamento interno de licita\u00e7\u00f5es, contratos e conv\u00eanios da Companhia de Desenvolvimento da Para\u00edba &#8211; CINEP &#8211; RILCC<\/a><\/p>\n\n\n\n<p><a href=\"https:\/\/www.cinep.pb.gov.br\/portal\/?page_id=4747\">Minutas de Editais e Contratos<\/a><\/p>\n\n\n<table class=\"table table-bordered table-striped\" style=\"height: 1045px; width: 561px;\" border=\"0\" width=\"570\">\n<thead>\n<tr style=\"height: 32px;\">\n<th style=\"height: 29px; width: 21px;\">#<\/th>\n<th style=\"height: 29px; width: 540px;\">Titulo<\/th>\n<\/tr>\n<\/thead>\n<tbody>\n<tr style=\"height: 237px;\">\n<td style=\"width: 21px; height: 237px;\">\n<p>01<\/p>\n<\/td>\n<td style=\"width: 540px;\">\n<p>INEXIGIBILIDADE N\u00b0 002\/2023<\/p>\n<p>Participa\u00e7\u00e3o da Companhia de Desenvolvimento da Para\u00edba (CINEP) como parceira no Semin\u00e1rio ADIT SHARE 2023 atrav\u00e9s do pacote de patroc\u00ednio OURO.<\/p>\n<\/td>\n<\/tr>\n<tr style=\"height: 240px;\">\n<td style=\"width: 21px; height: 240px;\">\n<p>02<\/p>\n<\/td>\n<td style=\"width: 540px;\">\n<p>INEXIGIBILIDADE N\u00b0 003\/2023<\/p>\n<p>Contrata\u00e7\u00e3o de empresa especializada na presta\u00e7\u00e3o de servi\u00e7os em Treinamento e Capacita\u00e7\u00e3o referente ao curso de CAPACITA\u00c7\u00c3O DE PREGOEIROS\/AGENTE DE CONTRATA\u00c7\u00c3O, COM PR\u00c1TICA NO SISTEMA COMPRAS.GOV, ATUALIZADO PELA NLLC 14.133\/21 E IN SEGES\/ME 73\/2022 &#8211; PREG\u00c3O para atender \u00e0s necessidades da COMPANHIA DE DESENVOLVIMENTO DA PARA\u00cdBA &#8211; CINEP.<\/p>\n<\/td>\n<\/tr>\n<tr style=\"height: 455px;\">\n<td style=\"width: 21px; height: 455px;\">03<\/td>\n<td style=\"width: 540px; height: 455px;\">\n<p>INEXIGIBILIDADE N\u00b0 004\/2023<\/p>\n<p>Contrata\u00e7\u00e3o de escrit\u00f3rio de advocacia especializado em Direito Ambiental para a elabora\u00e7\u00e3o de Parecer Jur\u00eddico, com \u00eanfase no levantamento, na sistematiza\u00e7\u00e3o e na an\u00e1lise de todos os documentos, processos e procedimentos legais e normativos alusivos ao Distrito Industrial do Turismo &#8211; DITur, outrora denominado Polo Tur\u00edstico Cabo Branco, incluindo a consolida\u00e7\u00e3o dos dados levantados e a apresenta\u00e7\u00e3o detalhada de proposta para adequa\u00e7\u00e3o do projeto \u00e0 legisla\u00e7\u00e3o e de sugest\u00f5es de aprimoramento do mesmo, inclusive mediante a indica\u00e7\u00e3o de normas gerenciais para a regulamenta\u00e7\u00e3o da mat\u00e9ria no \u00e2mbito desta sociedade de economia mista.<\/p>\n<\/td>\n<\/tr>\n<tr>\n<td style=\"width: 21px;\">04<\/td>\n<td style=\"width: 540px;\">\n<p>INEXIGIBILIDADE N\u00b0 005\/2023<\/p>\n<p>Participa\u00e7\u00e3o da Companhia de Desenvolvimento da Para\u00edba (CINEP) como parceira no Semin\u00e1rio ADIT INVEST 2023, no dia 02 de agosto de 2023, em S\u00e3o Paulo\/SP, atrav\u00e9s do pacote de patroc\u00ednio OURO.<\/p>\n<\/td>\n<\/tr>\n<tr>\n<td style=\"width: 21px;\">05<\/td>\n<td style=\"width: 540px;\">\n<p>INEXIGIBILIDADE N\u00b0 007\/2023<\/p>\n<p>Contrata\u00e7\u00e3o de empresa especializada na presta\u00e7\u00e3o de servi\u00e7os em Treinamento e Capacita\u00e7\u00e3o referente ao curso de Polui\u00e7\u00e3o Marinha: Monitoramento e Licenciamento Ambiental no Litoral para atender \u00e0s necessidades da COMPANHIA DE DESENVOLVIMENTO DA PARA\u00cdBA &#8211; CINEP.<\/p>\n<\/td>\n<\/tr>\n<\/tbody>\n<\/table>\n<table>\n<tbody>\n<tr>\n<td style=\"width: 248px;\"><span style=\"color: #191e23;\"><a href=\"https:\/\/www.cinep.pb.gov.br\/portal\/?page_id=7765\">Publica\u00e7\u00f5es 2021<\/a><\/span><\/td>\n<\/tr>\n<tr>\n<td style=\"width: 248px;\"><a href=\"https:\/\/www.cinep.pb.gov.br\/portal\/?page_id=7179\"><span style=\"color: #191e23;\">&nbsp;Publica\u00e7\u00f5es 2019 e 2020<\/span><\/a><\/td>\n<\/tr>\n<tr>\n<td style=\"width: 248px;\"><a href=\"https:\/\/www.cinep.pb.gov.br\/portal\/?page_id=4511\"><span style=\"color: #191e23;\">&nbsp;Publica\u00e7\u00f5es 2017 e 2018<\/span><\/a><\/td>\n<\/tr>\n<tr>\n<td style=\"width: 248px;\"><a href=\"https:\/\/www.cinep.pb.gov.br\/portal\/?page_id=3390\"><span style=\"color: #191e23;\">&nbsp;Publica\u00e7\u00f5es anteriores a 2017<\/span><\/a><\/td>\n<\/tr>\n<\/tbody>\n<\/table>\n\n\n<p><\/p>\n","protected":false},"excerpt":{"rendered":"<p>Regulamento interno de licita\u00e7\u00f5es, contratos e conv\u00eanios da Companhia de Desenvolvimento da Para\u00edba &#8211; CINEP &#8211; RILCC Minutas de Editais e Contratos # Titulo 01 INEXIGIBILIDADE N\u00b0 002\/2023 Participa\u00e7\u00e3o da Companhia de Desenvolvimento da Para\u00edba (CINEP) como parceira no Semin\u00e1rio ADIT SHARE 2023 atrav\u00e9s do pacote de patroc\u00ednio OURO. 02 INEXIGIBILIDADE N\u00b0 003\/2023 Contrata\u00e7\u00e3o de empresa especializada na presta\u00e7\u00e3o de servi\u00e7os em Treinamento e Capacita\u00e7\u00e3o referente ao curso de CAPACITA\u00c7\u00c3O<\/p>\n","protected":false},"author":12,"featured_media":0,"parent":253,"menu_order":0,"comment_status":"closed","ping_status":"closed","template":"","meta":{"ngg_post_thumbnail":0,"footnotes":""},"class_list":["entry","author-gilbertorodrigues","post-7985","page","type-page","status-publish"],"_links":{"self":[{"href":"https:\/\/www.cinep.pb.gov.br\/portal\/index.php?rest_route=\/wp\/v2\/pages\/7985","targetHints":{"allow":["GET"]}}],"collection":[{"href":"https:\/\/www.cinep.pb.gov.br\/portal\/index.php?rest_route=\/wp\/v2\/pages"}],"about":[{"href":"https:\/\/www.cinep.pb.gov.br\/portal\/index.php?rest_route=\/wp\/v2\/types\/page"}],"author":[{"embeddable":true,"href":"https:\/\/www.cinep.pb.gov.br\/portal\/index.php?rest_route=\/wp\/v2\/users\/12"}],"replies":[{"embeddable":true,"href":"https:\/\/www.cinep.pb.gov.br\/portal\/index.php?rest_route=%2Fwp%2Fv2%2Fcomments&post=7985"}],"version-history":[{"count":1,"href":"https:\/\/www.cinep.pb.gov.br\/portal\/index.php?rest_route=\/wp\/v2\/pages\/7985\/revisions"}],"predecessor-version":[{"id":7987,"href":"https:\/\/www.cinep.pb.gov.br\/portal\/index.php?rest_route=\/wp\/v2\/pages\/7985\/revisions\/7987"}],"up":[{"embeddable":true,"href":"https:\/\/www.cinep.pb.gov.br\/portal\/index.php?rest_route=\/wp\/v2\/pages\/253"}],"wp:attachment":[{"href":"https:\/\/www.cinep.pb.gov.br\/portal\/index.php?rest_route=%2Fwp%2Fv2%2Fmedia&parent=7985"}],"curies":[{"name":"wp","href":"https:\/\/api.w.org\/{rel}","templated":true}]}}