{"id":7152,"date":"2022-05-30T14:25:21","date_gmt":"2022-05-30T17:25:21","guid":{"rendered":"http:\/\/www.cinep.pb.gov.br\/portal\/?page_id=7152"},"modified":"2022-07-05T10:29:58","modified_gmt":"2022-07-05T13:29:58","slug":"procedimento-licitatorio-007-2021-2","status":"publish","type":"page","link":"https:\/\/www.cinep.pb.gov.br\/portal\/?page_id=7152","title":{"rendered":"PROCEDIMENTO LICITAT\u00d3RIO 004-2022"},"content":{"rendered":"\n<p><a href=\"https:\/\/www.cinep.pb.gov.br\/portal\/wp-content\/uploads\/2022\/05\/EDITAL-PL-n\u00ba-0004.2022-or\u00e7amento-sigiloso-vers\u00e3o-lic-completo-assinado-1.pdf\">1- EDITAL PL N\u00ba 0004.2022<\/a><\/p>\n\n\n\n<p><a href=\"https:\/\/www.cinep.pb.gov.br\/portal\/wp-content\/uploads\/2022\/05\/PUBLICA\u00c7\u00c3O-CONVOCA\u00c7\u00c3O-PL-004-22.pdf\">2-PUBLICA\u00c7\u00c3O CONVOCA\u00c7\u00c3O PL N\u00b0 0004.2022<\/a><\/p>\n\n\n\n<p><a href=\"https:\/\/www.cinep.pb.gov.br\/portal\/wp-content\/uploads\/2022\/06\/2-PUBLICA\u00c7\u00c3O-SUSPENS\u00c3O-SINE-DIE-PL-004-22-26-05-22...pdf\">3- PUBLICA\u00c7\u00c3O SUSPENS\u00c3O SINE DIE PL N\u00b0 0004.2022<\/a><\/p>\n\n\n\n<p><a href=\"https:\/\/www.cinep.pb.gov.br\/portal\/wp-content\/uploads\/2022\/07\/EDITAL-PL-004.2022-LICITANTE-2-CONV.pdf\">4- EDITAL PL 004.2022 &#8211; LICITANTE &#8211; 2 CONV<\/a><\/p>\n\n\n\n<p><\/p>\n","protected":false},"excerpt":{"rendered":"<p>1- EDITAL PL N\u00ba 0004.2022 2-PUBLICA\u00c7\u00c3O CONVOCA\u00c7\u00c3O PL N\u00b0 0004.2022 3- PUBLICA\u00c7\u00c3O SUSPENS\u00c3O SINE DIE PL N\u00b0 0004.2022 4- EDITAL PL 004.2022 &#8211; LICITANTE &#8211; 2 CONV<\/p>\n","protected":false},"author":11,"featured_media":0,"parent":0,"menu_order":0,"comment_status":"closed","ping_status":"closed","template":"","meta":{"ngg_post_thumbnail":0,"footnotes":""},"class_list":["entry","author-wellington","post-7152","page","type-page","status-publish"],"_links":{"self":[{"href":"https:\/\/www.cinep.pb.gov.br\/portal\/index.php?rest_route=\/wp\/v2\/pages\/7152","targetHints":{"allow":["GET"]}}],"collection":[{"href":"https:\/\/www.cinep.pb.gov.br\/portal\/index.php?rest_route=\/wp\/v2\/pages"}],"about":[{"href":"https:\/\/www.cinep.pb.gov.br\/portal\/index.php?rest_route=\/wp\/v2\/types\/page"}],"author":[{"embeddable":true,"href":"https:\/\/www.cinep.pb.gov.br\/portal\/index.php?rest_route=\/wp\/v2\/users\/11"}],"replies":[{"embeddable":true,"href":"https:\/\/www.cinep.pb.gov.br\/portal\/index.php?rest_route=%2Fwp%2Fv2%2Fcomments&post=7152"}],"version-history":[{"count":7,"href":"https:\/\/www.cinep.pb.gov.br\/portal\/index.php?rest_route=\/wp\/v2\/pages\/7152\/revisions"}],"predecessor-version":[{"id":7283,"href":"https:\/\/www.cinep.pb.gov.br\/portal\/index.php?rest_route=\/wp\/v2\/pages\/7152\/revisions\/7283"}],"wp:attachment":[{"href":"https:\/\/www.cinep.pb.gov.br\/portal\/index.php?rest_route=%2Fwp%2Fv2%2Fmedia&parent=7152"}],"curies":[{"name":"wp","href":"https:\/\/api.w.org\/{rel}","templated":true}]}}