{"id":3693,"date":"2017-12-05T10:56:33","date_gmt":"2017-12-05T13:56:33","guid":{"rendered":"http:\/\/www.cinep.pb.gov.br\/portal\/?page_id=3693"},"modified":"2018-03-15T11:54:37","modified_gmt":"2018-03-15T14:54:37","slug":"concorrencia-n-0002-2017","status":"publish","type":"page","link":"https:\/\/www.cinep.pb.gov.br\/portal\/?page_id=3693","title":{"rendered":"Concorr\u00eancia n\u00b0 0002-2017"},"content":{"rendered":"<p><a href=\"https:\/\/www.cinep.pb.gov.br\/portal\/wp-content\/uploads\/2017\/12\/EDITAL-CONCORRENCIA-002_2017.pdf\">Edital<\/a><\/p>\n<p><a href=\"https:\/\/www.cinep.pb.gov.br\/portal\/wp-content\/uploads\/2017\/12\/ANEXOS-DO-EDITAL-DA-CONCORRENCIA-0002_2017.pdf\">Anexos<\/a><\/p>\n<p><a href=\"https:\/\/www.cinep.pb.gov.br\/portal\/wp-content\/uploads\/2017\/12\/Minuta-do-Contrato-Concorr\u00eancia-n\u00ba0002_2017.pdf\">Minuta do Contrato<\/a><\/p>\n<p><a href=\"https:\/\/www.cinep.pb.gov.br\/portal\/wp-content\/uploads\/2017\/12\/PROJETO-BASICO-COMPLETO.pdf\">Projeto B\u00e1sico Completo<\/a><\/p>\n<p><a href=\"https:\/\/www.cinep.pb.gov.br\/portal\/wp-content\/uploads\/2017\/12\/TERMO-DE-REFERENCIA.pdf\">Termo de Refer\u00eancia<\/a><\/p>\n<p><a href=\"https:\/\/www.cinep.pb.gov.br\/portal\/wp-content\/uploads\/2017\/12\/PUBLICA\u00c7\u00c3O-AVISO-DE-LICITA\u00c7\u00c3O-CONCORRENCIA-002_2017.pdf\">Publica\u00e7\u00e3o Aviso de Licita\u00e7\u00e3o<\/a><\/p>\n<p><a href=\"https:\/\/www.cinep.pb.gov.br\/portal\/wp-content\/uploads\/2017\/12\/PUBLICA\u00c7\u00c3O-Resultado-Habilita\u00e7\u00e3o-Concorrencia-002_2017.pdf\">Publica\u00e7\u00e3o Resultado Habilita\u00e7\u00e3o\u00a0<\/a><\/p>\n<p><a href=\"https:\/\/www.cinep.pb.gov.br\/portal\/wp-content\/uploads\/2017\/12\/AVISO-SUSPENS\u00c3O-DA-CONCORRENCIA-0002_2017.pdf\">Aviso de Suspens\u00e3o de Concorr\u00eancia<\/a><\/p>\n<p><a href=\"https:\/\/www.cinep.pb.gov.br\/portal\/wp-content\/uploads\/2017\/12\/Aviso-de-revoga\u00e7\u00e3o-de-licita\u00e7\u00e3o-Concorrencia-002-2017.pdf\">Aviso de Revoga\u00e7\u00e3o de Concorr\u00eancia<\/a><\/p>\n<p><a href=\"https:\/\/www.cinep.pb.gov.br\/portal\/wp-content\/uploads\/2017\/12\/Aviso-Revoga\u00e7\u00e3o-Concorr\u00eancia-002-2017-D.O..pdf\">Aviso Revoga\u00e7\u00e3o Concorr\u00eancia &#8211; Publica\u00e7\u00e3o Di\u00e1rio Oficial<\/a><\/p>\n","protected":false},"excerpt":{"rendered":"<p>Edital Anexos Minuta do Contrato Projeto B\u00e1sico Completo Termo de Refer\u00eancia Publica\u00e7\u00e3o Aviso de Licita\u00e7\u00e3o Publica\u00e7\u00e3o Resultado Habilita\u00e7\u00e3o\u00a0 Aviso de Suspens\u00e3o de Concorr\u00eancia Aviso de Revoga\u00e7\u00e3o de Concorr\u00eancia Aviso Revoga\u00e7\u00e3o Concorr\u00eancia &#8211; Publica\u00e7\u00e3o Di\u00e1rio Oficial<\/p>\n","protected":false},"author":4,"featured_media":0,"parent":313,"menu_order":0,"comment_status":"closed","ping_status":"closed","template":"","meta":{"ngg_post_thumbnail":0,"footnotes":""},"class_list":["entry","author-felipe","post-3693","page","type-page","status-publish"],"_links":{"self":[{"href":"https:\/\/www.cinep.pb.gov.br\/portal\/index.php?rest_route=\/wp\/v2\/pages\/3693","targetHints":{"allow":["GET"]}}],"collection":[{"href":"https:\/\/www.cinep.pb.gov.br\/portal\/index.php?rest_route=\/wp\/v2\/pages"}],"about":[{"href":"https:\/\/www.cinep.pb.gov.br\/portal\/index.php?rest_route=\/wp\/v2\/types\/page"}],"author":[{"embeddable":true,"href":"https:\/\/www.cinep.pb.gov.br\/portal\/index.php?rest_route=\/wp\/v2\/users\/4"}],"replies":[{"embeddable":true,"href":"https:\/\/www.cinep.pb.gov.br\/portal\/index.php?rest_route=%2Fwp%2Fv2%2Fcomments&post=3693"}],"version-history":[{"count":6,"href":"https:\/\/www.cinep.pb.gov.br\/portal\/index.php?rest_route=\/wp\/v2\/pages\/3693\/revisions"}],"predecessor-version":[{"id":3773,"href":"https:\/\/www.cinep.pb.gov.br\/portal\/index.php?rest_route=\/wp\/v2\/pages\/3693\/revisions\/3773"}],"up":[{"embeddable":true,"href":"https:\/\/www.cinep.pb.gov.br\/portal\/index.php?rest_route=\/wp\/v2\/pages\/313"}],"wp:attachment":[{"href":"https:\/\/www.cinep.pb.gov.br\/portal\/index.php?rest_route=%2Fwp%2Fv2%2Fmedia&parent=3693"}],"curies":[{"name":"wp","href":"https:\/\/api.w.org\/{rel}","templated":true}]}}