{"id":3489,"date":"2017-08-31T13:13:27","date_gmt":"2017-08-31T16:13:27","guid":{"rendered":"http:\/\/www.cinep.pb.gov.br\/portal\/?page_id=3489"},"modified":"2017-10-04T11:09:27","modified_gmt":"2017-10-04T14:09:27","slug":"pregao-presencial-0003-2017","status":"publish","type":"page","link":"https:\/\/www.cinep.pb.gov.br\/portal\/?page_id=3489","title":{"rendered":"Preg\u00e3o Presencial 0003-2017"},"content":{"rendered":"<p><a href=\"https:\/\/www.cinep.pb.gov.br\/portal\/wp-content\/uploads\/2017\/08\/EDITAL-COMPLETO-PREG\u00c3O-PRESENCIAL-N\u00ba-0003-2017.pdf\">EDITAL COMPLETO PREG\u00c3O PRESENCIAL N\u00ba 0003-2017<\/a><\/p>\n<p><a href=\"https:\/\/www.cinep.pb.gov.br\/portal\/wp-content\/uploads\/2017\/08\/PUBLICA\u00c7\u00c3O-DOE-AVISO-DE-PREG\u00c3O-PRESENCIAL-N\u00ba-0003-2017.pdf\">Publica\u00e7\u00e3o DOE Aviso de Preg\u00e3o Presencial 0003-2017<\/a><\/p>\n<p><a href=\"https:\/\/www.cinep.pb.gov.br\/portal\/wp-content\/uploads\/2017\/08\/PUBLICA\u00c7\u00c3O-TERMO-DE-ADJUDICA\u00c7\u00c3O-HOMOLOGA\u00c7\u00c3O-PREG\u00c3O-PRESENCIAL-N\u25c4-0003-17.pdf\">PUBLICA\u00c7\u00c3O TERMO DE ADJUDICA\u00c7\u00c3O-HOMOLOGA\u00c7\u00c3O PREG\u00c3O PRESENCIAL n\u00b0 0003-17<\/a><\/p>\n","protected":false},"excerpt":{"rendered":"<p>EDITAL COMPLETO PREG\u00c3O PRESENCIAL N\u00ba 0003-2017 Publica\u00e7\u00e3o DOE Aviso de Preg\u00e3o Presencial 0003-2017 PUBLICA\u00c7\u00c3O TERMO DE ADJUDICA\u00c7\u00c3O-HOMOLOGA\u00c7\u00c3O PREG\u00c3O PRESENCIAL n\u00b0 0003-17<\/p>\n","protected":false},"author":4,"featured_media":0,"parent":313,"menu_order":0,"comment_status":"closed","ping_status":"closed","template":"","meta":{"ngg_post_thumbnail":0,"footnotes":""},"class_list":["entry","author-felipe","post-3489","page","type-page","status-publish"],"_links":{"self":[{"href":"https:\/\/www.cinep.pb.gov.br\/portal\/index.php?rest_route=\/wp\/v2\/pages\/3489","targetHints":{"allow":["GET"]}}],"collection":[{"href":"https:\/\/www.cinep.pb.gov.br\/portal\/index.php?rest_route=\/wp\/v2\/pages"}],"about":[{"href":"https:\/\/www.cinep.pb.gov.br\/portal\/index.php?rest_route=\/wp\/v2\/types\/page"}],"author":[{"embeddable":true,"href":"https:\/\/www.cinep.pb.gov.br\/portal\/index.php?rest_route=\/wp\/v2\/users\/4"}],"replies":[{"embeddable":true,"href":"https:\/\/www.cinep.pb.gov.br\/portal\/index.php?rest_route=%2Fwp%2Fv2%2Fcomments&post=3489"}],"version-history":[{"count":3,"href":"https:\/\/www.cinep.pb.gov.br\/portal\/index.php?rest_route=\/wp\/v2\/pages\/3489\/revisions"}],"predecessor-version":[{"id":3594,"href":"https:\/\/www.cinep.pb.gov.br\/portal\/index.php?rest_route=\/wp\/v2\/pages\/3489\/revisions\/3594"}],"up":[{"embeddable":true,"href":"https:\/\/www.cinep.pb.gov.br\/portal\/index.php?rest_route=\/wp\/v2\/pages\/313"}],"wp:attachment":[{"href":"https:\/\/www.cinep.pb.gov.br\/portal\/index.php?rest_route=%2Fwp%2Fv2%2Fmedia&parent=3489"}],"curies":[{"name":"wp","href":"https:\/\/api.w.org\/{rel}","templated":true}]}}