{"id":287,"date":"2017-01-27T22:11:32","date_gmt":"2017-01-28T01:11:32","guid":{"rendered":"http:\/\/www.cinep.pb.gov.br\/portal\/?page_id=287"},"modified":"2019-01-17T10:47:02","modified_gmt":"2019-01-17T13:47:02","slug":"programas-de-desenvolvimento","status":"publish","type":"page","link":"https:\/\/www.cinep.pb.gov.br\/portal\/?page_id=287","title":{"rendered":"Programas de Desenvolvimento"},"content":{"rendered":"<p style=\"text-align: justify;\" align=\"justify\">Os investimentos em obras de Infraestrutura s\u00e3o mais aproveitados quando se destinam a atender um n\u00famero maior de benefici\u00e1rios.<\/p>\n<p style=\"text-align: justify;\" align=\"justify\">As \u00e1reas e distritos que se destinaram \u00e0 aglomera\u00e7\u00e3o de industrias s\u00e3o um bom exemplo para o atendimento coletivo dos servi\u00e7os b\u00e1sicos de Infraestrutura, garantindo, de forma coletiva: energia el\u00e9trica, abastecimento de \u00e1gua, esgotamento sanit\u00e1rio, apoio comunit\u00e1rio, etc.. Todos itens necess\u00e1rios ao bom desempenho individual e\/ou grupal das empresas e comunidades adjacentes.<\/p>\n<p style=\"text-align: justify;\" align=\"justify\">O programa contempla uma gama de projetos que foram alocados em diversos munic\u00edpios, os quais se destinam ao preparo de \u00c1reas e Distritos Industriais, j\u00e1 instaladas e, tamb\u00e9m, como fator de contribui\u00e7\u00e3o para atrair novos empreendimentos.<\/p>\n<p style=\"text-align: justify;\" align=\"justify\">-&gt; Programa de Apoio Institucional<br \/>\nTem por objetivo de criar estruturas f\u00edsicas de suporte \u00e0s iniciativas p\u00fablicas e\/ou privadas, tendo como finalidade estimular de forma eficiente, o desenvolvimento de projetos em car\u00e1ter institucional, visando obter os seguintes resultados:<\/p>\n<p style=\"text-align: justify;\" align=\"justify\">\u2022 Iniciar projetos de est\u00edmulos \u00e0 produ\u00e7\u00e3o e pequenas localidades.<br \/>\n\u2022 Promover o apoio \u00e0s iniciativas e cooperativas.<br \/>\n\u2022 Propiciar apoio t\u00e9cnico e administrativo nas diversas regi\u00f5es do Estado.<br \/>\n\u2022 Contribuir para o processo de interioriza\u00e7\u00e3o das a\u00e7\u00f5es de desenvolvimento<\/p>\n<p style=\"text-align: justify;\" align=\"justify\">-&gt; Programa de Incentivo Financeiro<br \/>\nTem por objetivo de criar estruturas f\u00edsicas de suporte \u00e0s iniciativas p\u00fablicas e\/ou privadas, tendo como finalidade estimular de forma eficiente, o desenvolvimento de projetos em car\u00e1ter institucional, visando obter os seguintes resultados:<\/p>\n<p style=\"text-align: justify;\" align=\"justify\">\u2022 Iniciar projetos de est\u00edmulos \u00e0 produ\u00e7\u00e3o e pequenas localidades.<br \/>\n\u2022 Promover o apoio \u00e0s iniciativas e cooperativas.<br \/>\n\u2022 Propiciar apoio t\u00e9cnico e administrativo nas diversas regi\u00f5es do Estado.<br \/>\n\u2022 Contribuir para o processo de interioriza\u00e7\u00e3o das a\u00e7\u00f5es de desenvolvimento.<\/p>\n<p style=\"text-align: justify;\" align=\"justify\">-&gt; Programa de Apoio Agroindustrial<br \/>\nEste programa tem o objetivo de contribuir atrav\u00e9s da implanta\u00e7\u00e3o de estruturas f\u00edsicas para o desenvolvimento dos projetos de beneficiamento dos produtos prim\u00e1rios que possam ser industrializados, visando alcan\u00e7ar os seguintes fatores:<\/p>\n<p style=\"text-align: justify;\" align=\"justify\">\u2022 Promover a agrega\u00e7\u00e3o de valor aos produtos prim\u00e1rios.<br \/>\n\u2022 Contribuir para a interioriza\u00e7\u00e3o da industrializa\u00e7\u00e3o.<br \/>\n\u2022 Propiciar o aumento do n\u00edvel de emprego e renda nas cidades interioranas e a fixa\u00e7\u00e3o do homem no meio rural.<br \/>\n\u2022 Estimular a produ\u00e7\u00e3o de produtos derivados da atividade agropastoril.<br \/>\n\u2022 Promover a implanta\u00e7\u00e3o de culturas inovadoras como fonte alternativa na produ\u00e7\u00e3o rural.<\/p>\n<p style=\"text-align: justify;\" align=\"justify\">-&gt; Programa de Incentivos Locacionais<br \/>\nO programa de Incentivo Locacional tem o objetivo de conceder a titulo de estimulo \u00e0s empresas do setor produtivo, instala\u00e7\u00f5es adequadas para os seus projetos de implanta\u00e7\u00e3o, amplia\u00e7\u00e3o e reposicionamento. Al\u00e9m de se constituir como mais um incentivo \u00e0s empresas, este programa tamb\u00e9m tem o m\u00e9rito de:<\/p>\n<p style=\"text-align: justify;\" align=\"justify\">\u2022 Promover a instala\u00e7\u00e3o adequada das micro, pequenas e m\u00e9dias empresas.<br \/>\n\u2022 Ampliar a oferta de est\u00edmulos \u00e0 atra\u00e7\u00e3o e fixa\u00e7\u00e3o de novos empreendimentos atrav\u00e9s de um incentivo diferenciado em rela\u00e7\u00e3o aos demais Estados Nordestinos.<br \/>\n\u2022 Contribuir para a eleva\u00e7\u00e3o do n\u00edvel de emprego e renda.<br \/>\n\u2022 Promover um aumento da produ\u00e7\u00e3o e da produtividade das micro, pequenas e m\u00e9dias empresas.<br \/>\n\u2022 Contribuir para o processo de interioriza\u00e7\u00e3o das a\u00e7\u00f5es de desenvolvimento do Estado.<br \/>\n\u2022 Contribuir para a racionaliza\u00e7\u00e3o do uso do solo urbano.<br \/>\n\u2022 Propiciar o aproveitamento de instala\u00e7\u00f5es desativadas como forma de minimizar os custos e agilizar o processo de implanta\u00e7\u00e3o de empreendimentos emergentes<\/p>\n<p style=\"text-align: justify;\" align=\"justify\">-&gt; Programa de Apoio \u00e0 Industria de Minera\u00e7\u00e3o<br \/>\nO objetivo deste programa \u00e9 viabilizar economicamente os dep\u00f3sitos das diversas subst\u00e2ncias minerais presentes em nosso Estado, atrav\u00e9s de uma pol\u00edtica de desenvolvimento \u00e0 produ\u00e7\u00e3o, mediante apoio t\u00e9cnico, mercadol\u00f3gico e financeiro.<\/p>\n<p style=\"text-align: justify;\" align=\"justify\">-&gt; Programa de Apoio \u00e0 Infra-estrutura Comercial<br \/>\nEste programa tem por objetivo aproveitar a localiza\u00e7\u00e3o geogr\u00e1fica privilegiada da Para\u00edba em rela\u00e7\u00e3o \u00e0 Regi\u00e3o Nordeste e, criar nos centros urbanos das principais cidades, estruturas de apoio \u00e0 comercializa\u00e7\u00e3o que seja capaz de estimular a implanta\u00e7\u00e3o de uma rede de distribui\u00e7\u00e3o para os demais Estados da Regi\u00e3o.<\/p>\n<p style=\"text-align: justify;\" align=\"justify\">-&gt; Programa de Implanta\u00e7\u00e3o de P\u00f3los Vocacionados<br \/>\nO programa tem como objetivo, implantar em regi\u00f5es vocacionais \u00e1reas urbanizadas destinadas ao agrupamento de empresas industriais de segmentos especializados e de complementariedade de produtos afins, tendo a finalidade de melhorar a produtividade e a qualidade dos produtos manufaturados propiciando condi\u00e7\u00f5es favor\u00e1veis de competi\u00e7\u00e3o das micro, pequenas e m\u00e9dias empresas.<\/p>\n<p style=\"text-align: justify;\" align=\"justify\">-&gt; Programa de Forma\u00e7\u00e3o de M\u00e3o de Obra Industrial<br \/>\nEste programa compreende mais uma iniciativa da CINEP que objetiva participar da pol\u00edtica de gera\u00e7\u00e3o de emprego e renda atrav\u00e9s da qualifica\u00e7\u00e3o de m\u00e3o-de-obra para a Industria, promovendo cursos de qualifica\u00e7\u00e3o profissional visando a demanda dos diversos segmentos da industria paraibana.<\/p>\n<p style=\"text-align: justify;\" align=\"justify\">Participa ainda deste incentivo a difus\u00e3o da ci\u00eancia e tecnologia, apoiando \u00e0s institui\u00e7\u00f5es voltadas para o desenvolvimento desta atividade.<\/p>\n<p style=\"text-align: justify;\" align=\"justify\">-&gt; Programa ao Estudo, Pesquisa e Promo\u00e7\u00e3o Industrial<br \/>\nUm programa de industrializa\u00e7\u00e3o deve conter, como elemento fundamental, a Promo\u00e7\u00e3o de Incentivos.<\/p>\n<p style=\"text-align: justify;\" align=\"justify\">Faz-se necess\u00e1ria a divulga\u00e7\u00e3o das potencialidades, vantagens e est\u00edmulos que o Estado oferece ao investidor, auxiliando, desta forma, o processo de decis\u00e3o da iniciativa privada, no sentido de identificar na Para\u00edba as oportunidades de investimento, constituindo-se em alvo de interesse para suas invers\u00f5es de capital.<\/p>\n<p style=\"text-align: justify;\" align=\"justify\">-&gt; Programa de Apoio as Iniciativas de Base Tecnol\u00f3gica<br \/>\nEste programa tem o objetivo de inserir as atividades de Ci\u00eancia e Tecnologia nas a\u00e7\u00f5es program\u00e1ticas da CINEP, a fim de apoiar as iniciativas p\u00fablicas e\/ou privadas ao processo de desenvolvimento de projetos voltados para a difus\u00e3o de novas tecnologias aplicadas no \u00e2mbito social, econ\u00f4mico e ambiental.<\/p>\n<p style=\"text-align: justify;\" align=\"justify\">-&gt; Programa de Apoio \u00e0 Infra-estrutura Tur\u00edstica e Cultural<br \/>\nO objetivo deste programa \u00e9 contribuir para a complementa\u00e7\u00e3o da infra-estrutura b\u00e1sica que possa das suporte \u00e0s iniciativas empreendedoras voltadas para o turismo, com a diversifica\u00e7\u00e3o de focos de atra\u00e7\u00e3o para o desenvolvimento dessa atividade no interior do Estado. .<\/p>\n<p style=\"text-align: justify;\" align=\"justify\">-&gt; Programa de Apoio ao Desenvolvimento da Atividade Pesqueira<br \/>\nO programa de desenvolvimento da pesca tem como objetivo o aproveitamento do potencial pesqueiro de Estado atrav\u00e9s da estrutura\u00e7\u00e3o dos diversos instrumentos da produ\u00e7\u00e3o do pescado.<\/p>\n<p style=\"text-align: justify;\" align=\"justify\">-&gt; Programa de Desenvolvimento Fiscal<br \/>\nRela\u00e7\u00e3o de benef\u00edcios fiscais concedidos pelo Estado da Para\u00edba, com base na legisla\u00e7\u00e3o de reg\u00eancia (RICMS, aprovado pelo Decreto n\u00b0 14.100\/91).<\/p>\n<p style=\"text-align: justify;\" align=\"justify\">Suspens\u00e3o:<br \/>\nNas remessas interestaduais de mercadorias destinadas a conserto, reparo ou industrializa\u00e7\u00e3o, exceto sucatas e produtos prim\u00e1rios de origem animal e vegetal (Art. 8\u00b0 III).<\/p>\n<p style=\"text-align: justify;\" align=\"justify\">Deferimento:<br \/>\nNas opera\u00e7\u00f5es internas, interestaduais e de importa\u00e7\u00e3o, realizadas com m\u00e1quinas, aparelhos e equipamentos industriais destinados a integrar o ativo fixo do estabelecimento industrial e relacionados com o processo produtivo (Art. 10, VI).<\/p>\n<p style=\"text-align: justify;\" align=\"justify\">N\u00e3o Incid\u00eancia:<br \/>\nCom mercadorias, nas sa\u00eddas internas, destinadas a conserto, reparos ou industrializa\u00e7\u00e3o, exceto sucatas e produtos prim\u00e1rios de origem animal e vegetal (Art. 4\u00b0, IX), salvo casos de Regime Especial de tributa\u00e7\u00e3o.<\/p>\n<p style=\"text-align: justify;\" align=\"justify\">As sa\u00eddas de produtos industrializados, inclusive os semi-elaborados.<\/p>\n<p style=\"text-align: justify;\" align=\"justify\">Dos Cr\u00e9ditos Acumulados \u2013 Transfer\u00eancia:<br \/>\nOs estabelecimentos industriais poder\u00e3o transferir para outro estabelecimento da mesma empresa, situado em territ\u00f3rio paraibano, cr\u00e9ditos acumulados em raz\u00e3o de entradas de mat\u00e9rias-primas, material secund\u00e1rio ou material de embalagem utilizados na fabrica\u00e7\u00e3o de seus produtos, e de m\u00e1quinas, aparelhos e equipamentos industriais destinados \u00e0 integra\u00e7\u00e3o no ativo fixo, a t\u00edtulo de pagamento das respectivas aquisi\u00e7\u00f5es, at\u00e9 o limite de quarenta por cento do valor da opera\u00e7\u00e3o (Art. 92 e 93).<\/p>\n<p style=\"text-align: justify;\" align=\"justify\">O RICMS estende tamb\u00e9m para empresas interdependentes as transfer\u00eancias desses cr\u00e9ditos, definindo como interdependentes duas empresas quando uma delas, por si, seus s\u00f3cios ou respectivos c\u00f4njuges, for titular de mais de 50% (cinq\u00fcenta por cento) do capital da outra (Art. 98, par\u00e1grafo \u00fanico).<\/p>\n<p style=\"text-align: justify;\" align=\"justify\">Mediante protocolo celebrado com outra unidade da Federa\u00e7\u00e3o, poder\u00e1 ser facultada a transfer\u00eancia de cr\u00e9ditos acumulados entre estabelecimentos situado nos respectivos territ\u00f3rios.<\/p>\n<p style=\"text-align: justify;\" align=\"justify\">Base de C\u00e1lculo:<br \/>\nA legisla\u00e7\u00e3o contempla a exclus\u00e3o, da base de c\u00e1lculo do imposto, os acr\u00e9scimos financeiros relativos \u00e0s opera\u00e7\u00f5es de venda a prazo.<\/p>\n<p style=\"text-align: justify;\" align=\"justify\">-&gt; Programa de Incentivo Locacional<br \/>\nA empresa interessada em aderir ao Programa de Incentivo Locacional deve, inicialmente, esta juridicamente constitu\u00edda e protocolar solicita\u00e7\u00e3o por escrito \u00e0 CINEP, anexando, comprovantes da idoneidade financeira e cadastral da pleiteante e dos seus s\u00f3cios, a legitimidade do empreendimento e a experi\u00eancia do grupo no ramo industrial, bem como do estudo de viabilidade econ\u00f4mico-financeiro, utilizando-se como par\u00e2metro o formul\u00e1rio Carta Consulta da CINEP e layout de ocupa\u00e7\u00e3o da \u00e1rea postulada.<\/p>\n<p style=\"text-align: justify;\" align=\"justify\">Documentos necess\u00e1rios para protocolo das solicita\u00e7\u00f5es de Incentivo Locacional:<\/p>\n<p style=\"text-align: justify;\" align=\"justify\">Carta Consulta preenchida:\u00a0DOWNLOAD<\/p>\n<p style=\"text-align: justify;\" align=\"justify\">Contrato Social e seus aditivos se forem, no caso, devidamente registrados junto a JUCEP.<\/p>\n<p style=\"text-align: justify;\" align=\"justify\">CNPJ \u2013 Cadastro Nacional de Pessoa Jur\u00eddica.<\/p>\n<p style=\"text-align: justify;\" align=\"justify\">FAC \u2013 Inscri\u00e7\u00e3o Estadual.<\/p>\n<p style=\"text-align: justify;\" align=\"justify\">Certid\u00e3o Negativa do INSS.<\/p>\n<p style=\"text-align: justify;\" align=\"justify\">Certid\u00e3o Negativa da Receita Federal.<\/p>\n<p style=\"text-align: justify;\" align=\"justify\">Certid\u00e3o Negativa da Receita Estadual.<\/p>\n<p style=\"text-align: justify;\" align=\"justify\">Certid\u00e3o Negativa dos Tributos Municipais.<\/p>\n<p style=\"text-align: justify;\" align=\"justify\">Certid\u00e3o Negativa de Protestos \u2013 referente aos 05 (cinco) anos da empresa e de cada s\u00f3cio, em caso de empresa j\u00e1 existente e, em caso de empresa nova, apenas dos s\u00f3cios.<\/p>\n<p style=\"text-align: justify;\" align=\"justify\">Balan\u00e7o Geral referente aos \u00faltimos tr\u00eas exerc\u00edcios financeiros \u2013 para empresas j\u00e1 existentes.<\/p>\n<p style=\"text-align: justify;\" align=\"justify\">Balan\u00e7o de Abertura \u2013 para empresas novas.<\/p>\n<p style=\"text-align: justify;\" align=\"justify\">Experi\u00eancia do grupo empresarial: deve ser comprovada pelo pr\u00f3prio desempenho da empresa, se j\u00e1 em funcionamento ou, com a anexa\u00e7\u00e3o de documentos que atestem a sua familiaridade com a produ\u00e7\u00e3o e\/ ou comercializa\u00e7\u00e3o dos bens a serem produzidos.<\/p>\n<p style=\"text-align: justify;\" align=\"justify\">Layout de ocupa\u00e7\u00e3o da \u00e1rea postulada<\/p>\n<p style=\"text-align: justify;\" align=\"justify\">S\u00f3 poder\u00e3o ser protocoladas as solicita\u00e7\u00f5es que estiverem com todos os documentos acima citados.<\/p>\n<p style=\"text-align: justify;\" align=\"justify\">-&gt; Est\u00edmulo \u00e0 Ind\u00fastria N\u00e1utica<br \/>\nRegime Especial de Tributa\u00e7\u00e3o para industria na\u00fatica ou similar<\/p>\n<p style=\"text-align: justify;\" align=\"justify\">LINK:\u00a0<em><a href=\"https:\/\/legisla.receita.pb.gov.br\/LEGISLACAO\/DECRETOS\/ICMS\/2013\/33698\/3369813\/3369813_.html\" target=\"_blank\" rel=\"noopener\">DECRETO N\u00ba 33.698, DE 19 DE FEVEREIRO DE 2013<\/a><\/em><\/p>\n","protected":false},"excerpt":{"rendered":"<p>Os investimentos em obras de Infraestrutura s\u00e3o mais aproveitados quando se destinam a atender um n\u00famero maior de benefici\u00e1rios. As \u00e1reas e distritos que se destinaram \u00e0 aglomera\u00e7\u00e3o de industrias s\u00e3o um bom exemplo para o atendimento coletivo dos servi\u00e7os b\u00e1sicos de Infraestrutura, garantindo, de forma coletiva: energia el\u00e9trica, abastecimento de \u00e1gua, esgotamento sanit\u00e1rio, apoio comunit\u00e1rio, etc.. Todos itens necess\u00e1rios ao bom desempenho individual e\/ou grupal das empresas e comunidades<\/p>\n","protected":false},"author":2,"featured_media":0,"parent":249,"menu_order":0,"comment_status":"closed","ping_status":"closed","template":"","meta":{"ngg_post_thumbnail":0,"footnotes":""},"class_list":["entry","author-fabio","post-287","page","type-page","status-publish"],"_links":{"self":[{"href":"https:\/\/www.cinep.pb.gov.br\/portal\/index.php?rest_route=\/wp\/v2\/pages\/287","targetHints":{"allow":["GET"]}}],"collection":[{"href":"https:\/\/www.cinep.pb.gov.br\/portal\/index.php?rest_route=\/wp\/v2\/pages"}],"about":[{"href":"https:\/\/www.cinep.pb.gov.br\/portal\/index.php?rest_route=\/wp\/v2\/types\/page"}],"author":[{"embeddable":true,"href":"https:\/\/www.cinep.pb.gov.br\/portal\/index.php?rest_route=\/wp\/v2\/users\/2"}],"replies":[{"embeddable":true,"href":"https:\/\/www.cinep.pb.gov.br\/portal\/index.php?rest_route=%2Fwp%2Fv2%2Fcomments&post=287"}],"version-history":[{"count":3,"href":"https:\/\/www.cinep.pb.gov.br\/portal\/index.php?rest_route=\/wp\/v2\/pages\/287\/revisions"}],"predecessor-version":[{"id":3964,"href":"https:\/\/www.cinep.pb.gov.br\/portal\/index.php?rest_route=\/wp\/v2\/pages\/287\/revisions\/3964"}],"up":[{"embeddable":true,"href":"https:\/\/www.cinep.pb.gov.br\/portal\/index.php?rest_route=\/wp\/v2\/pages\/249"}],"wp:attachment":[{"href":"https:\/\/www.cinep.pb.gov.br\/portal\/index.php?rest_route=%2Fwp%2Fv2%2Fmedia&parent=287"}],"curies":[{"name":"wp","href":"https:\/\/api.w.org\/{rel}","templated":true}]}}