{"id":270,"date":"2017-01-27T22:02:23","date_gmt":"2017-01-28T01:02:23","guid":{"rendered":"http:\/\/www.cinep.pb.gov.br\/portal\/?page_id=270"},"modified":"2025-10-01T12:38:42","modified_gmt":"2025-10-01T15:38:42","slug":"conheca-a-paraiba","status":"publish","type":"page","link":"https:\/\/www.cinep.pb.gov.br\/portal\/?page_id=270","title":{"rendered":"Conhe\u00e7a a Para\u00edba"},"content":{"rendered":"<p style=\"text-align: justify;\" align=\"justify\">Conhecida por suas belezas naturais e qualidade de vida, a Para\u00edba nos \u00faltimos anos tamb\u00e9m tem se destacado como um estado gerador de oportunidades. Os avan\u00e7os alcan\u00e7ados em \u00e1reas como\u00a0infraestrutura, tecnologia, qualifica\u00e7\u00e3o profissional e gest\u00e3o p\u00fablica t\u00eam criado um ambiente favor\u00e1vel para a cria\u00e7\u00e3o e atra\u00e7\u00e3o de novos neg\u00f3cios.\u00a0A Para\u00edba \u00e9, naturalmente, referencial de log\u00edstica e distribui\u00e7\u00e3o por se encontrar encravado na equidist\u00e2ncia das capitais brasileiras e na proximidade estrat\u00e9gica do continente europeu. A CINEP \u00e9 exemplo de for\u00e7a desse crescimento, apoiando o investimento privado na busca incessante de crescimento da ocupa\u00e7\u00e3o, do emprego e da renda. O seu trabalho\u00a0incentiva cadeias produtivas no conjunto das potencialidades do Estado, na capacita\u00e7\u00e3o dos recursos humanos para melhoria da m\u00e3o-de-obra industrial, na atra\u00e7\u00e3o do capital privado pelo incentivo locacional e no est\u00edmulo financeiro do Programa FAIN. No giro do desenvolvimento, a CINEP contribui vivamente para que a Para\u00edba tenha, como tem, um segmento industrial cal\u00e7adista admir\u00e1vel, uma cadeia produtiva de minerais n\u00e3o met\u00e1licos consolidada e um p\u00f3lo de inform\u00e1tica emergente e promissor. O algod\u00e3o colorido, semente de um novo tempo na ind\u00fastria t\u00eaxtil, tamb\u00e9m encontra apoio da CINEP o que lhe confere expectativa positiva de agroneg\u00f3cio. Conhe\u00e7a a Para\u00edba e entre no ritmo de um Estado em crescimento. Depois de conciliados neg\u00f3cios e qualidade de vida, deixe a natureza paraibana conquistar voc\u00ea com todos os encantos de um para\u00edso natural.<\/p>\n<h4 style=\"text-align: justify;\" align=\"justify\"><\/h4>\n<div style=\"text-align: justify;\" align=\"justify\">\n<table style=\"height: 171px; width: 88.0238%;\">\n<tbody>\n<tr style=\"height: 171px;\">\n<td style=\"width: 53.7212%; height: 171px;\">\n<div align=\"justify\"><strong>A Para\u00edba<\/strong><\/div>\n<div align=\"justify\"><\/div>\n<div align=\"justify\">Popula\u00e7\u00e3o (2024): 4.145.040<\/div>\n<div align=\"justify\">\u00c1rea territorial:\u00a056.468,435 km\u00b2<\/div>\n<div align=\"justify\">N\u00famero de munic\u00edpios: 223<\/div>\n<div align=\"justify\">Clima: Tropical no litoral e semi\u00e1rido no interior<\/div>\n<div align=\"justify\">PIB Total: R$ 86,094 bilh\u00f5es<\/div>\n<div align=\"justify\">PIB Per Capita: R$ 21.662<\/div>\n<div align=\"justify\"><\/div>\n<\/td>\n<td style=\"width: 45.1962%; height: 171px;\"><img loading=\"lazy\" decoding=\"async\" class=\"alignnone wp-image-3461\" src=\"https:\/\/www.cinep.pb.gov.br\/portal\/wp-content\/uploads\/2017\/01\/pb.png\" alt=\"\" width=\"179\" height=\"125\" srcset=\"https:\/\/www.cinep.pb.gov.br\/portal\/wp-content\/uploads\/2017\/01\/pb.png 268w, https:\/\/www.cinep.pb.gov.br\/portal\/wp-content\/uploads\/2017\/01\/pb-130x90.png 130w\" sizes=\"auto, (max-width: 179px) 100vw, 179px\" \/><\/td>\n<\/tr>\n<\/tbody>\n<\/table>\n<\/div>\n<div style=\"text-align: justify;\" align=\"justify\"><\/div>\n<div style=\"text-align: justify;\" align=\"justify\"><\/div>\n<div style=\"text-align: justify;\" align=\"justify\"><\/div>\n","protected":false},"excerpt":{"rendered":"<p>Conhecida por suas belezas naturais e qualidade de vida, a Para\u00edba nos \u00faltimos anos tamb\u00e9m tem se destacado como um estado gerador de oportunidades. Os avan\u00e7os alcan\u00e7ados em \u00e1reas como\u00a0infraestrutura, tecnologia, qualifica\u00e7\u00e3o profissional e gest\u00e3o p\u00fablica t\u00eam criado um ambiente favor\u00e1vel para a cria\u00e7\u00e3o e atra\u00e7\u00e3o de novos neg\u00f3cios.\u00a0A Para\u00edba \u00e9, naturalmente, referencial de log\u00edstica e distribui\u00e7\u00e3o por se encontrar encravado na equidist\u00e2ncia das capitais brasileiras e na proximidade estrat\u00e9gica<\/p>\n","protected":false},"author":2,"featured_media":206,"parent":244,"menu_order":0,"comment_status":"closed","ping_status":"closed","template":"","meta":{"ngg_post_thumbnail":0,"footnotes":""},"class_list":["entry","author-fabio","post-270","page","type-page","status-publish","has-post-thumbnail"],"_links":{"self":[{"href":"https:\/\/www.cinep.pb.gov.br\/portal\/index.php?rest_route=\/wp\/v2\/pages\/270","targetHints":{"allow":["GET"]}}],"collection":[{"href":"https:\/\/www.cinep.pb.gov.br\/portal\/index.php?rest_route=\/wp\/v2\/pages"}],"about":[{"href":"https:\/\/www.cinep.pb.gov.br\/portal\/index.php?rest_route=\/wp\/v2\/types\/page"}],"author":[{"embeddable":true,"href":"https:\/\/www.cinep.pb.gov.br\/portal\/index.php?rest_route=\/wp\/v2\/users\/2"}],"replies":[{"embeddable":true,"href":"https:\/\/www.cinep.pb.gov.br\/portal\/index.php?rest_route=%2Fwp%2Fv2%2Fcomments&post=270"}],"version-history":[{"count":17,"href":"https:\/\/www.cinep.pb.gov.br\/portal\/index.php?rest_route=\/wp\/v2\/pages\/270\/revisions"}],"predecessor-version":[{"id":13952,"href":"https:\/\/www.cinep.pb.gov.br\/portal\/index.php?rest_route=\/wp\/v2\/pages\/270\/revisions\/13952"}],"up":[{"embeddable":true,"href":"https:\/\/www.cinep.pb.gov.br\/portal\/index.php?rest_route=\/wp\/v2\/pages\/244"}],"wp:featuredmedia":[{"embeddable":true,"href":"https:\/\/www.cinep.pb.gov.br\/portal\/index.php?rest_route=\/wp\/v2\/media\/206"}],"wp:attachment":[{"href":"https:\/\/www.cinep.pb.gov.br\/portal\/index.php?rest_route=%2Fwp%2Fv2%2Fmedia&parent=270"}],"curies":[{"name":"wp","href":"https:\/\/api.w.org\/{rel}","templated":true}]}}