{"id":13823,"date":"2025-09-02T14:59:31","date_gmt":"2025-09-02T17:59:31","guid":{"rendered":"https:\/\/www.cinep.pb.gov.br\/portal\/?page_id=13823"},"modified":"2025-09-02T15:22:48","modified_gmt":"2025-09-02T18:22:48","slug":"comissao-de-etica","status":"publish","type":"page","link":"https:\/\/www.cinep.pb.gov.br\/portal\/?page_id=13823","title":{"rendered":"Comiss\u00e3o de \u00c9tica"},"content":{"rendered":"<p><strong>C\u00f3digo de \u00e9tica:<\/strong><\/p>\n<p>O C\u00f3digo de \u00c9tica e Conduta Profissional dos Servidores e Empregados P\u00fablicos Civis do Poder Executivo do Estado da Para\u00edba foi institu\u00eddo pelo Decreto n\u00ba 44.504 de 05 de dezembro de 2023. O Decreto estabelece as diretrizes e princ\u00edpios \u00e9ticos que devem nortear a atua\u00e7\u00e3o dos servidores e empregados p\u00fablicos estaduais.<\/p>\n<p>&nbsp;<\/p>\n<p><a href=\"https:\/\/www.cinep.pb.gov.br\/portal\/wp-content\/uploads\/2025\/09\/CGEDIN202500430G_71270202.pdf\">C\u00d3DIGO DE \u00c9TICA E CONDUTA DA COMPANHIA DE DESENVOLVIMENTO DA PARA\u00cdBA &#8211; CINEP<\/a><\/p>\n<p>&nbsp;<\/p>\n<p><strong>Comiss\u00e3o de \u00c9tica e Conduta Profissional dos Servidores e Empregados P\u00fablicos da CINEP:<\/strong><br \/>\nI \u2013 Como Titulares:<br \/>\nANA J\u00daLIA CONSERVA LOSADA MOREIRA, Matr\u00edcula n\u00ba 3.214-1, Analista 03;<br \/>\nRODRIGO LELIS DA SILVA, Matr\u00edcula n\u00ba 3.203-1, Analista 03.<\/p>\n<p>II \u2013 Como Suplente:<br \/>\nRICARDO ALVES DA SILVA, Matr\u00edcula n\u00ba 2.193-1, Analista 03;<\/p>\n<p>&nbsp;<\/p>\n<p><a href=\"https:\/\/www.cinep.pb.gov.br\/portal\/wp-content\/uploads\/2025\/09\/PORTARIA.pdf\"> PORTARIA N\u00ba 186 COMISS\u00c3O DE \u00c9TICA <\/a><\/p>\n","protected":false},"excerpt":{"rendered":"<p>C\u00f3digo de \u00e9tica: O C\u00f3digo de \u00c9tica e Conduta Profissional dos Servidores e Empregados P\u00fablicos Civis do Poder Executivo do Estado da Para\u00edba foi institu\u00eddo pelo Decreto n\u00ba 44.504 de 05 de dezembro de 2023. O Decreto estabelece as diretrizes e princ\u00edpios \u00e9ticos que devem nortear a atua\u00e7\u00e3o dos servidores e empregados p\u00fablicos estaduais. &nbsp; C\u00d3DIGO DE \u00c9TICA E CONDUTA DA COMPANHIA DE DESENVOLVIMENTO DA PARA\u00cdBA &#8211; CINEP &nbsp; Comiss\u00e3o<\/p>\n","protected":false},"author":12,"featured_media":0,"parent":0,"menu_order":0,"comment_status":"closed","ping_status":"closed","template":"","meta":{"ngg_post_thumbnail":0,"footnotes":""},"class_list":["entry","author-gilbertorodrigues","post-13823","page","type-page","status-publish"],"_links":{"self":[{"href":"https:\/\/www.cinep.pb.gov.br\/portal\/index.php?rest_route=\/wp\/v2\/pages\/13823","targetHints":{"allow":["GET"]}}],"collection":[{"href":"https:\/\/www.cinep.pb.gov.br\/portal\/index.php?rest_route=\/wp\/v2\/pages"}],"about":[{"href":"https:\/\/www.cinep.pb.gov.br\/portal\/index.php?rest_route=\/wp\/v2\/types\/page"}],"author":[{"embeddable":true,"href":"https:\/\/www.cinep.pb.gov.br\/portal\/index.php?rest_route=\/wp\/v2\/users\/12"}],"replies":[{"embeddable":true,"href":"https:\/\/www.cinep.pb.gov.br\/portal\/index.php?rest_route=%2Fwp%2Fv2%2Fcomments&post=13823"}],"version-history":[{"count":5,"href":"https:\/\/www.cinep.pb.gov.br\/portal\/index.php?rest_route=\/wp\/v2\/pages\/13823\/revisions"}],"predecessor-version":[{"id":13833,"href":"https:\/\/www.cinep.pb.gov.br\/portal\/index.php?rest_route=\/wp\/v2\/pages\/13823\/revisions\/13833"}],"wp:attachment":[{"href":"https:\/\/www.cinep.pb.gov.br\/portal\/index.php?rest_route=%2Fwp%2Fv2%2Fmedia&parent=13823"}],"curies":[{"name":"wp","href":"https:\/\/api.w.org\/{rel}","templated":true}]}}