{"id":13760,"date":"2025-08-01T11:27:35","date_gmt":"2025-08-01T14:27:35","guid":{"rendered":"https:\/\/www.cinep.pb.gov.br\/portal\/?page_id=13760"},"modified":"2025-09-29T14:20:02","modified_gmt":"2025-09-29T17:20:02","slug":"procedimento-licitatorio-002-2025","status":"publish","type":"page","link":"https:\/\/www.cinep.pb.gov.br\/portal\/?page_id=13760","title":{"rendered":"PROCEDIMENTO LICITAT\u00d3RIO 002\/2025"},"content":{"rendered":"<p><a href=\"https:\/\/www.cinep.pb.gov.br\/portal\/wp-content\/uploads\/2025\/08\/35.-PL_002.2025_PUBLICACAO-DE-CONVOCACAO_DOEPB.pdf\">35. PL_002.2025_PUBLICA\u00c7\u00c3O DE CONVOCA\u00c7\u00c3O_DOEPB<\/a><\/p>\n<p><a href=\"https:\/\/www.cinep.pb.gov.br\/portal\/wp-content\/uploads\/2025\/08\/34.-PL_002.2025_PUBLICACAO-DE-CONVOCACAO_AUNIAO.pdf\">34. PL_002.2025_PUBLICA\u00c7\u00c3O DE CONVOCA\u00c7\u00c3O_AUNI\u00c3O<\/a><\/p>\n<p><a href=\"https:\/\/www.cinep.pb.gov.br\/portal\/wp-content\/uploads\/2025\/08\/33.-PL_002.2025_EDITAL4aEDICAO.pdf\">33. PL_002.2025_EDITAL4\u00aaEDI\u00c7\u00c3O<\/a><\/p>\n<p><a href=\"https:\/\/www.cinep.pb.gov.br\/portal\/wp-content\/uploads\/2025\/08\/29.-PL_002.2025_MINUTA-DO-CONTRATO.pdf\">29. PL_002.2025_MINUTA DO CONTRATO<\/a><\/p>\n<p><a href=\"https:\/\/www.cinep.pb.gov.br\/portal\/wp-content\/uploads\/2025\/08\/27.-PL_002.2025_ANEXOS-DO-EDITAL.pdf\">27. PL_002.2025_ANEXOS DO EDITAL<\/a><\/p>\n<p><a href=\"https:\/\/www.cinep.pb.gov.br\/portal\/wp-content\/uploads\/2025\/08\/20.-PL_002.2025_POLIGONAL-DE-CERCAMENTO.pdf\">20. PL_002.2025_POLIGONAL DE CERCAMENTO<\/a><\/p>\n<p><a href=\"https:\/\/www.cinep.pb.gov.br\/portal\/wp-content\/uploads\/2025\/08\/19.-PL_002.2025_DETALHAMENTO-DA-CERCA.pdf\">19. PL_002.2025_DETALHAMENTO DA CERCA<\/a><\/p>\n<p><a href=\"https:\/\/www.cinep.pb.gov.br\/portal\/wp-content\/uploads\/2025\/08\/18.-PL_002.2025_CRONOGRAMA-SIGILOSO.pdf\">18. PL_002.2025_CRONOGRAMA SIGILOSO<\/a><\/p>\n<p><a href=\"https:\/\/www.cinep.pb.gov.br\/portal\/wp-content\/uploads\/2025\/08\/17.-PL_002.2025_PLANILHA-ORCAMENTARIA-SIGILOSA.pdf\">17. PL_002.2025_PLANILHA OR\u00c7AMENT\u00c1RIA SIGILOSA<\/a><\/p>\n<p><a href=\"https:\/\/www.cinep.pb.gov.br\/portal\/wp-content\/uploads\/2025\/08\/13.-PL_002.2025_RELATORIO-FOTOGRAFICO.pdf\">13. PL_002.2025_RELAT\u00d3RIO FOTOGR\u00c1FICO<\/a><\/p>\n<p><a href=\"https:\/\/www.cinep.pb.gov.br\/portal\/wp-content\/uploads\/2025\/08\/05.-PL_002.2025_PROJETO-BASICO.pdf\">05. PL_002.2025_PROJETO B\u00c1SICO<\/a><\/p>\n<p><a href=\"https:\/\/www.cinep.pb.gov.br\/portal\/wp-content\/uploads\/2025\/09\/diario-oficial-18-09-2025-portal-31.pdf\">diario-oficial-18-09-2025-portal-31<\/a><\/p>\n<p><a href=\"https:\/\/www.cinep.pb.gov.br\/portal\/wp-content\/uploads\/2025\/09\/cafil-pb.pdf\">cafil-pb<\/a><\/p>\n<p><a href=\"https:\/\/www.cinep.pb.gov.br\/portal\/wp-content\/uploads\/2025\/09\/ConsultaConsolidada_37653764000196_17-9-2025.pdf\">ConsultaConsolidada_37653764000196_17-9-2025<\/a><\/p>\n<p><a href=\"https:\/\/www.cinep.pb.gov.br\/portal\/wp-content\/uploads\/2025\/09\/PROPOSTA-REAJUSTADA-PROCEDIMENTO-LICITATORIO-002-2025-center-constru.pdf\">PROPOSTA REAJUSTADA &#8211; PROCEDIMENTO LICITATORIO 002-2025 &#8211; center constru<\/a><\/p>\n<p><a href=\"https:\/\/www.cinep.pb.gov.br\/portal\/wp-content\/uploads\/2025\/09\/CPL-PROPOSTA-DE-PRECO-UN-ENGENHARIA_compressed.pdf\">CPL &#8211; PROPOSTA DE PRE\u00c7O &#8211; UN ENGENHARIA_compressed<\/a><\/p>\n<p><a href=\"https:\/\/www.cinep.pb.gov.br\/portal\/wp-content\/uploads\/2025\/09\/CPL-PROPOSTA-DE-PRECO-PLANENG_compressed.pdf\">CPL &#8211; PROPOSTA DE PRE\u00c7O &#8211; PLANENG_compressed<\/a><\/p>\n<p><a href=\"https:\/\/www.cinep.pb.gov.br\/portal\/wp-content\/uploads\/2025\/09\/CPL-CREDENCIAMENTO-CENTER-CONSTRU_compressed.pdf\">CPL &#8211; CREDENCIAMENTO &#8211; CENTER CONSTRU_compressed<\/a><\/p>\n<p><a href=\"https:\/\/www.cinep.pb.gov.br\/portal\/wp-content\/uploads\/2025\/09\/CPL-CREDENCIAMENTO-PB-FORT_compressed.pdf\">CPL &#8211; CREDENCIAMENTO &#8211; PB FORT_compressed<\/a><\/p>\n<p><a href=\"https:\/\/www.cinep.pb.gov.br\/portal\/wp-content\/uploads\/2025\/09\/CPL-CREDENCIAMENTO-EXITUS_compressed.pdf\">CPL &#8211; CREDENCIAMENTO &#8211; EXITUS_compressed<\/a><\/p>\n<p><a href=\"https:\/\/www.cinep.pb.gov.br\/portal\/wp-content\/uploads\/2025\/09\/CPL-CREDENCIAMENTO-PLANENG_compressed.pdf\">CPL &#8211; CREDENCIAMENTO &#8211; PLANENG_compressed<\/a><\/p>\n<p><a href=\"https:\/\/www.cinep.pb.gov.br\/portal\/wp-content\/uploads\/2025\/09\/CPL-CREDENCIAMENTO-INPLANT.pdf\">CPL &#8211; CREDENCIAMENTO &#8211; INPLANT<\/a><\/p>\n<p><a href=\"https:\/\/www.cinep.pb.gov.br\/portal\/wp-content\/uploads\/2025\/09\/CPL-PROPOSTA-DE-PRECO-PB-FORT.pdf\">CPL &#8211; PROPOSTA DE PRE\u00c7O &#8211; PB FORT<\/a><\/p>\n<p><a href=\"https:\/\/www.cinep.pb.gov.br\/portal\/wp-content\/uploads\/2025\/09\/CPL-PROPOSTA-DE-PRECO-EXITUS.pdf\">CPL &#8211; PROPOSTA DE PRE\u00c7O &#8211; EXITUS<\/a><\/p>\n<p><a href=\"https:\/\/www.cinep.pb.gov.br\/portal\/wp-content\/uploads\/2025\/09\/CPL-CREDENCIAMENTO-UN-ENGENHARIA.pdf\">CPL &#8211; CREDENCIAMENTO &#8211; UN ENGENHARIA<\/a><\/p>\n<p><a href=\"https:\/\/www.cinep.pb.gov.br\/portal\/wp-content\/uploads\/2025\/09\/CPL-PROPOSTA-COMERCIAL-SAMPAIO.pdf\">CPL &#8211; PROPOSTA COMERCIAL &#8211; SAMPAIO<\/a><\/p>\n<p><a href=\"https:\/\/www.cinep.pb.gov.br\/portal\/wp-content\/uploads\/2025\/09\/CPL-CREDENCIAMENTO-SAMPAIO.pdf\">CPL &#8211; CREDENCIAMENTO &#8211; SAMPAIO<\/a><\/p>\n<p><a href=\"https:\/\/www.cinep.pb.gov.br\/portal\/wp-content\/uploads\/2025\/09\/CPL-PROPOSTA-DE-PRECO-INPLANT.pdf\">CPL &#8211; PROPOSTA DE PRE\u00c7O &#8211; INPLANT<\/a><\/p>\n<p><a href=\"https:\/\/www.cinep.pb.gov.br\/portal\/wp-content\/uploads\/2025\/09\/CPL-PROCURACAO-INPLANT.pdf\">CPL &#8211; PROCURA\u00c7\u00c3O &#8211; INPLANT<\/a><\/p>\n<p><a href=\"https:\/\/www.cinep.pb.gov.br\/portal\/wp-content\/uploads\/2025\/09\/CPL-DECLARACAO-INPLANT.pdf\">CPL &#8211; DECLARA\u00c7\u00c3O &#8211; INPLANT<\/a><\/p>\n<p><a href=\"https:\/\/www.cinep.pb.gov.br\/portal\/wp-content\/uploads\/2025\/09\/CPL-PROPOSTA-DE-PRECO-T-G-DE-SOUZA.pdf\">CPL &#8211; PROPOSTA DE PRE\u00c7O &#8211; T G DE SOUZA<\/a><\/p>\n<p><a href=\"https:\/\/www.cinep.pb.gov.br\/portal\/wp-content\/uploads\/2025\/09\/CPL-DECLARACOES-T-G-DE-SOUZA.pdf\">CPL &#8211; DECLARA\u00c7\u00d5ES &#8211; T G DE SOUZA<\/a><\/p>\n<p><a href=\"https:\/\/www.cinep.pb.gov.br\/portal\/wp-content\/uploads\/2025\/09\/CPL-PROPOSTA-DE-PRECO-CONSTRUPAV.pdf\">CPL &#8211; PROPOSTA DE PRE\u00c7O &#8211; CONSTRUPAV<\/a><\/p>\n<p><a href=\"https:\/\/www.cinep.pb.gov.br\/portal\/wp-content\/uploads\/2025\/09\/CPL-CREDENCIAMENTO-CONSTRUPAV.pdf\">CPL &#8211; CREDENCIAMENTO &#8211; CONSTRUPAV<\/a><\/p>\n<p><a href=\"https:\/\/www.cinep.pb.gov.br\/portal\/wp-content\/uploads\/2025\/09\/CPL-PROPOSTA-DE-TRECO-ID-CONSTRUTORA.pdf\">CPL &#8211; PROPOSTA DE TRE\u00c7O &#8211; ID CONSTRUTORA<\/a><\/p>\n<p><a href=\"https:\/\/www.cinep.pb.gov.br\/portal\/wp-content\/uploads\/2025\/09\/CPL-CREDENCIAMENTO-ID-CONSTRUTORA.pdf\">CPL &#8211; CREDENCIAMENTO &#8211; ID CONSTRUTORA<\/a><\/p>\n<p><a href=\"https:\/\/www.cinep.pb.gov.br\/portal\/wp-content\/uploads\/2025\/09\/CPL-PROPOSTA-DE-PRECO-CENTER-CONSTRU.pdf\">CPL &#8211; PROPOSTA DE PRE\u00c7O &#8211; CENTER CONSTRU<\/a><\/p>\n<p><a href=\"https:\/\/www.cinep.pb.gov.br\/portal\/wp-content\/uploads\/2025\/09\/CPL-HABILITACAO-JURIDICA-CENTER-CONSTRU.pdf\">CPL &#8211; HABILITA\u00c7\u00c3O JUR\u00cdDICA &#8211; CENTER CONSTRU<\/a><\/p>\n<p><a href=\"https:\/\/www.cinep.pb.gov.br\/portal\/wp-content\/uploads\/2025\/09\/CPL-ATA-DE-SESSAO-PUBLICA-22-08-2025.pdf\">CPL &#8211; ATA DE SESS\u00c3O P\u00daBLICA &#8211; 22-08-2025<\/a><\/p>\n","protected":false},"excerpt":{"rendered":"<p>35. PL_002.2025_PUBLICA\u00c7\u00c3O DE CONVOCA\u00c7\u00c3O_DOEPB 34. PL_002.2025_PUBLICA\u00c7\u00c3O DE CONVOCA\u00c7\u00c3O_AUNI\u00c3O 33. PL_002.2025_EDITAL4\u00aaEDI\u00c7\u00c3O 29. PL_002.2025_MINUTA DO CONTRATO 27. PL_002.2025_ANEXOS DO EDITAL 20. PL_002.2025_POLIGONAL DE CERCAMENTO 19. PL_002.2025_DETALHAMENTO DA CERCA 18. PL_002.2025_CRONOGRAMA SIGILOSO 17. PL_002.2025_PLANILHA OR\u00c7AMENT\u00c1RIA SIGILOSA 13. PL_002.2025_RELAT\u00d3RIO FOTOGR\u00c1FICO 05. PL_002.2025_PROJETO B\u00c1SICO diario-oficial-18-09-2025-portal-31 cafil-pb ConsultaConsolidada_37653764000196_17-9-2025 PROPOSTA REAJUSTADA &#8211; PROCEDIMENTO LICITATORIO 002-2025 &#8211; center constru CPL &#8211; PROPOSTA DE PRE\u00c7O &#8211; UN ENGENHARIA_compressed CPL &#8211; PROPOSTA DE PRE\u00c7O &#8211; PLANENG_compressed CPL &#8211; CREDENCIAMENTO &#8211;<\/p>\n","protected":false},"author":12,"featured_media":0,"parent":0,"menu_order":0,"comment_status":"closed","ping_status":"closed","template":"","meta":{"ngg_post_thumbnail":0,"footnotes":""},"class_list":["entry","author-gilbertorodrigues","post-13760","page","type-page","status-publish"],"_links":{"self":[{"href":"https:\/\/www.cinep.pb.gov.br\/portal\/index.php?rest_route=\/wp\/v2\/pages\/13760","targetHints":{"allow":["GET"]}}],"collection":[{"href":"https:\/\/www.cinep.pb.gov.br\/portal\/index.php?rest_route=\/wp\/v2\/pages"}],"about":[{"href":"https:\/\/www.cinep.pb.gov.br\/portal\/index.php?rest_route=\/wp\/v2\/types\/page"}],"author":[{"embeddable":true,"href":"https:\/\/www.cinep.pb.gov.br\/portal\/index.php?rest_route=\/wp\/v2\/users\/12"}],"replies":[{"embeddable":true,"href":"https:\/\/www.cinep.pb.gov.br\/portal\/index.php?rest_route=%2Fwp%2Fv2%2Fcomments&post=13760"}],"version-history":[{"count":2,"href":"https:\/\/www.cinep.pb.gov.br\/portal\/index.php?rest_route=\/wp\/v2\/pages\/13760\/revisions"}],"predecessor-version":[{"id":13934,"href":"https:\/\/www.cinep.pb.gov.br\/portal\/index.php?rest_route=\/wp\/v2\/pages\/13760\/revisions\/13934"}],"wp:attachment":[{"href":"https:\/\/www.cinep.pb.gov.br\/portal\/index.php?rest_route=%2Fwp%2Fv2%2Fmedia&parent=13760"}],"curies":[{"name":"wp","href":"https:\/\/api.w.org\/{rel}","templated":true}]}}