{"id":13731,"date":"2025-08-01T11:20:27","date_gmt":"2025-08-01T14:20:27","guid":{"rendered":"https:\/\/www.cinep.pb.gov.br\/portal\/?page_id=13731"},"modified":"2025-11-10T16:35:29","modified_gmt":"2025-11-10T19:35:29","slug":"procedimento-licitatorio-009-2024","status":"publish","type":"page","link":"https:\/\/www.cinep.pb.gov.br\/portal\/?page_id=13731","title":{"rendered":"PROCEDIMENTO LICITAT\u00d3RIO 009\/2024"},"content":{"rendered":"<p><a href=\"https:\/\/www.cinep.pb.gov.br\/portal\/wp-content\/uploads\/2025\/08\/58.-PL_009.2024_ANEXOS-DO-EDITAL.pdf\">58. PL_009.2024_ANEXOS DO EDITAL<\/a><\/p>\n<p><a href=\"https:\/\/www.cinep.pb.gov.br\/portal\/wp-content\/uploads\/2025\/08\/57.-PL_009.2024_PUBLICACAO-DE-CONVOCACAO.pdf\">57. PL_009.2024_PUBLICA\u00c7\u00c3O DE CONVOCA\u00c7\u00c3O<\/a><\/p>\n<p><a href=\"https:\/\/www.cinep.pb.gov.br\/portal\/wp-content\/uploads\/2025\/08\/52.-PL_009.2024_MINUTA-DO-CONTRATO.pdf\">52. PL_009.2024_MINUTA DO CONTRATO<\/a><\/p>\n<p><a href=\"https:\/\/www.cinep.pb.gov.br\/portal\/wp-content\/uploads\/2025\/08\/PECAS-TECNICAS_COMPILADAS_4.pdf\">PE\u00c7AS T\u00c9CNICAS_COMPILADAS_4<\/a><\/p>\n<p><a href=\"https:\/\/www.cinep.pb.gov.br\/portal\/wp-content\/uploads\/2025\/08\/45.-PL_009.2024_MEMORIAL-DESCRITIVO_COMPLEMENTAR.pdf\">45. PL_009.2024_MEMORIAL DESCRITIVO_COMPLEMENTAR<\/a><\/p>\n<p><a href=\"https:\/\/www.cinep.pb.gov.br\/portal\/wp-content\/uploads\/2025\/08\/PECAS-TECNICAS_COMPILADAS_3.pdf\">PE\u00c7AS T\u00c9CNICAS_COMPILADAS_3<\/a><\/p>\n<p><a href=\"https:\/\/www.cinep.pb.gov.br\/portal\/wp-content\/uploads\/2025\/08\/PECAS-TECNICAS_COMPILADAS_2.pdf\">PE\u00c7AS T\u00c9CNICAS_COMPILADAS_2<\/a><\/p>\n<p><a href=\"https:\/\/www.cinep.pb.gov.br\/portal\/wp-content\/uploads\/2025\/08\/PECAS-TECNICAS_COMPILADAS_1.pdf\">PE\u00c7AS T\u00c9CNICAS_COMPILADAS_1<\/a><\/p>\n<p><a href=\"https:\/\/www.cinep.pb.gov.br\/portal\/wp-content\/uploads\/2025\/08\/22.-PL_009.2024_RELATORIO-FOTOGRAFICO.pdf\">22. PL_009.2024_RELAT\u00d3RIO FOTOGR\u00c1FICO<\/a><\/p>\n<p><a href=\"https:\/\/www.cinep.pb.gov.br\/portal\/wp-content\/uploads\/2025\/08\/14.-PL_009.2024_PROJETO-BASICO.pdf\">14. PL_009.2024_PROJETO B\u00c1SICO<\/a><\/p>\n<p><a href=\"https:\/\/www.cinep.pb.gov.br\/portal\/wp-content\/uploads\/2025\/08\/09.-PL_009.2024_CRONOGRAMA-FISICIO-FINANCEIRO-SIGILOSO.pdf\">09. PL_009.2024_CRONOGRAMA FISICIO-FINANCEIRO SIGILOSO<\/a><\/p>\n<p><a href=\"https:\/\/www.cinep.pb.gov.br\/portal\/wp-content\/uploads\/2025\/08\/08.-PL_009.2024_PLANILHA-ORCAMENTARIA-SIGILOSA.pdf\">08. PL_009.2024_PLANILHA OR\u00c7AMENT\u00c1RIA SIGILOSA<\/a><\/p>\n<p><a href=\"https:\/\/www.cinep.pb.gov.br\/portal\/wp-content\/uploads\/2025\/08\/56.-PL_009.2024_EDITAL_3a-EDICAO.pdf\">56. PL_009.2024_EDITAL_3\u00aa EDI\u00c7\u00c3O<\/a><\/p>\n<p><a href=\"https:\/\/www.cinep.pb.gov.br\/portal\/wp-content\/uploads\/2025\/09\/14.-RESULTADO-CLASSIFICACAO-E-HABILITACAO-PL.-No-009.2024.pdf\">14. RESULTADO CLASSIFICA\u00c7\u00c3O E HABILITA\u00c7\u00c3O PL. N\u00ba 009.2024<\/a><\/p>\n<p><a href=\"https:\/\/www.cinep.pb.gov.br\/portal\/wp-content\/uploads\/2025\/09\/13.-CHECKLIST-DE-HABILITACAO.pdf\">13. CHECKLIST DE HABILITA\u00c7\u00c3O<\/a><\/p>\n<p><a href=\"https:\/\/www.cinep.pb.gov.br\/portal\/wp-content\/uploads\/2025\/09\/15.-diario-oficial-10-09-2025-portal-23.pdf\">15. diario-oficial-10-09-2025-portal-23<\/a><\/p>\n<p><a href=\"https:\/\/www.cinep.pb.gov.br\/portal\/wp-content\/uploads\/2025\/09\/08.-PROPOSTA-AJUSTADA-AO-LANCE.pdf\">08. PROPOSTA AJUSTADA AO LANCE<\/a><\/p>\n<p><a href=\"https:\/\/www.cinep.pb.gov.br\/portal\/wp-content\/uploads\/2025\/09\/06.-HABILITACAO-LL-ENGENHARIA-PARTE-I.pdf\">06. HABILITA\u00c7\u00c3O L&amp;L ENGENHARIA PARTE I<\/a><\/p>\n<p><a href=\"https:\/\/www.cinep.pb.gov.br\/portal\/wp-content\/uploads\/2025\/09\/07.-HABILITACAO-LL-ENGENHARIA-PARTE-II.pdf\">07. HABILITA\u00c7\u00c3O L&amp;L ENGENHARIA &#8211; PARTE II<\/a><\/p>\n<p><a href=\"https:\/\/www.cinep.pb.gov.br\/portal\/wp-content\/uploads\/2025\/09\/05.-PROPOSTA-DE-PRECO-LL-ENGENHARIA.pdf\">05. PROPOSTA DE PRE\u00c7O L&amp;L ENGENHARIA<\/a><\/p>\n<p><a href=\"https:\/\/www.cinep.pb.gov.br\/portal\/wp-content\/uploads\/2025\/09\/04.-CREDENCIAMENTO-LL-ENGENHARIA.pdf\">04. CREDENCIAMENTO L&amp;L ENGENHARIA<\/a><\/p>\n<p><a href=\"https:\/\/www.cinep.pb.gov.br\/portal\/wp-content\/uploads\/2025\/09\/03.-PROPOSTA-DE-PRECO-CONSTRUPAV-PARTE-II.pdf\">03. PROPOSTA DE PRE\u00c7O CONSTRUPAV PARTE II<\/a><\/p>\n<p><a href=\"https:\/\/www.cinep.pb.gov.br\/portal\/wp-content\/uploads\/2025\/09\/02.-PROPOSTA-DE-PRECO-CONSTRUPAV-PARTE-I.pdf\">02. PROPOSTA DE PRE\u00c7O CONSTRUPAV PARTE I<\/a><\/p>\n<p><a href=\"https:\/\/www.cinep.pb.gov.br\/portal\/wp-content\/uploads\/2025\/09\/01.-CREDENCIAMENTO-CONSTRUPAV.pdf\">01. CREDENCIAMENTO CONSTRUPAV<\/a><\/p>\n<p><a href=\"https:\/\/www.cinep.pb.gov.br\/portal\/wp-content\/uploads\/2025\/09\/00.-ATA-DA-SESSAO.pdf\">00. ATA DA SESS\u00c3O<\/a><\/p>\n<p><a href=\"https:\/\/www.cinep.pb.gov.br\/portal\/wp-content\/uploads\/2025\/09\/10.-cafil-pb.pdf\">10. cafil-pb<\/a><\/p>\n<p><a href=\"https:\/\/www.cinep.pb.gov.br\/portal\/wp-content\/uploads\/2025\/09\/12.-ConsultaConsolidada_TCU-CEIS_CNEP.pdf\">12. ConsultaConsolidada_TCU &#8211; CEIS_CNEP<\/a><\/p>\n<p><a href=\"https:\/\/www.cinep.pb.gov.br\/portal\/wp-content\/uploads\/2025\/09\/11.-Certidao-Negativa-de-Inidoneos.pdf\">11. Certid\u00e3o Negativa de Inid\u00f4neos<\/a><\/p>\n<p><a href=\"https:\/\/www.cinep.pb.gov.br\/portal\/wp-content\/uploads\/2025\/09\/09.-CPL-DILIGENCIA-COMUNICACAO-Zimbra.pdf\">09. CPL &#8211; DILIG\u00caNCIA &#8211; COMUNICA\u00c7\u00c3O Zimbra<\/a><\/p>\n<p><a href=\"https:\/\/www.cinep.pb.gov.br\/portal\/wp-content\/uploads\/2025\/09\/9.1.-Declaracao-de-10-mao-de-obra-local.pdf\">9.1. Declara\u00e7\u00e3o de 10% m\u00e3o de obra local<\/a><\/p>\n<p><a href=\"https:\/\/www.cinep.pb.gov.br\/portal\/wp-content\/uploads\/2025\/09\/9.2.-Declaracao-de-comprovante-de-retirada-de-edital.pdf\">9.2. Declara\u00e7\u00e3o de comprovante de retirada de edital<\/a><\/p>\n<p><a href=\"https:\/\/www.cinep.pb.gov.br\/portal\/wp-content\/uploads\/2025\/09\/RecAdm-CINEP-LL-ass.pdf\">RecAdm &#8211; CINEP &#8211; L&amp;L ass<\/a><\/p>\n<p><a href=\"https:\/\/www.cinep.pb.gov.br\/portal\/wp-content\/uploads\/2025\/11\/PROTOCOLO-DE-HOMOLOGACAO_TCE_doc_97492_25.pdf\">PROTOCOLO DE HOMOLOGA\u00c7\u00c3O_TCE_doc_97492_25<\/a><\/p>\n<p><a href=\"https:\/\/www.cinep.pb.gov.br\/portal\/wp-content\/uploads\/2025\/11\/PUBLICACAO_HOMOLOGACAO_DOE-06-11-2025.pdf\">PUBLICA\u00c7\u00c3O_HOMOLOGA\u00c7\u00c3O_DOE-06-11-2025<\/a><\/p>\n<p><a href=\"https:\/\/www.cinep.pb.gov.br\/portal\/wp-content\/uploads\/2025\/11\/CPL-COMUNICACAO-ZIMBRA-03A15.10.pdf\">CPL &#8211; COMUNICA\u00c7\u00c3O ZIMBRA 03A15.10<\/a><\/p>\n<p><a href=\"https:\/\/www.cinep.pb.gov.br\/portal\/wp-content\/uploads\/2025\/11\/DOC.-Procuracao-LL-Eng.pdf\">DOC. Procura\u00e7\u00e3o LL Eng<\/a><\/p>\n<p><a href=\"https:\/\/www.cinep.pb.gov.br\/portal\/wp-content\/uploads\/2025\/11\/Contrarrazoes_ao_Recurso_Administrativo_CONSTRUPAV_-_02.10.2.pdf\">Contrarraz\u00f5es_ao_Recurso_Administrativo_CONSTRUPAV_-_02.10.2<\/a><\/p>\n<p><a href=\"https:\/\/www.cinep.pb.gov.br\/portal\/wp-content\/uploads\/2025\/11\/Relato\u0301rio-Vila-dos-Pescadores-julgamento.-de-Recurso.pdf\">Relato\u0301rio &#8211; Vila dos Pescadores &#8211; julgamento. de Recurso<\/a><\/p>\n<p><a href=\"https:\/\/www.cinep.pb.gov.br\/portal\/wp-content\/uploads\/2025\/11\/CPL-COMUNICACAO-ZIMBRA.pdf\">CPL &#8211; COMUNICA\u00c7\u00c3O ZIMBRA<\/a> <a href=\"https:\/\/www.cinep.pb.gov.br\/portal\/wp-content\/uploads\/2025\/11\/RecAdm-CINEP-LL-ass.pdf\">RecAdm &#8211; CINEP &#8211; L&amp;L ass<\/a><\/p>\n","protected":false},"excerpt":{"rendered":"<p>58. PL_009.2024_ANEXOS DO EDITAL 57. PL_009.2024_PUBLICA\u00c7\u00c3O DE CONVOCA\u00c7\u00c3O 52. PL_009.2024_MINUTA DO CONTRATO PE\u00c7AS T\u00c9CNICAS_COMPILADAS_4 45. PL_009.2024_MEMORIAL DESCRITIVO_COMPLEMENTAR PE\u00c7AS T\u00c9CNICAS_COMPILADAS_3 PE\u00c7AS T\u00c9CNICAS_COMPILADAS_2 PE\u00c7AS T\u00c9CNICAS_COMPILADAS_1 22. PL_009.2024_RELAT\u00d3RIO FOTOGR\u00c1FICO 14. PL_009.2024_PROJETO B\u00c1SICO 09. PL_009.2024_CRONOGRAMA FISICIO-FINANCEIRO SIGILOSO 08. PL_009.2024_PLANILHA OR\u00c7AMENT\u00c1RIA SIGILOSA 56. PL_009.2024_EDITAL_3\u00aa EDI\u00c7\u00c3O 14. RESULTADO CLASSIFICA\u00c7\u00c3O E HABILITA\u00c7\u00c3O PL. N\u00ba 009.2024 13. CHECKLIST DE HABILITA\u00c7\u00c3O 15. diario-oficial-10-09-2025-portal-23 08. PROPOSTA AJUSTADA AO LANCE 06. HABILITA\u00c7\u00c3O L&amp;L ENGENHARIA PARTE I 07. HABILITA\u00c7\u00c3O L&amp;L ENGENHARIA &#8211;<\/p>\n","protected":false},"author":12,"featured_media":0,"parent":0,"menu_order":0,"comment_status":"closed","ping_status":"closed","template":"","meta":{"ngg_post_thumbnail":0,"footnotes":""},"class_list":["entry","author-gilbertorodrigues","post-13731","page","type-page","status-publish"],"_links":{"self":[{"href":"https:\/\/www.cinep.pb.gov.br\/portal\/index.php?rest_route=\/wp\/v2\/pages\/13731","targetHints":{"allow":["GET"]}}],"collection":[{"href":"https:\/\/www.cinep.pb.gov.br\/portal\/index.php?rest_route=\/wp\/v2\/pages"}],"about":[{"href":"https:\/\/www.cinep.pb.gov.br\/portal\/index.php?rest_route=\/wp\/v2\/types\/page"}],"author":[{"embeddable":true,"href":"https:\/\/www.cinep.pb.gov.br\/portal\/index.php?rest_route=\/wp\/v2\/users\/12"}],"replies":[{"embeddable":true,"href":"https:\/\/www.cinep.pb.gov.br\/portal\/index.php?rest_route=%2Fwp%2Fv2%2Fcomments&post=13731"}],"version-history":[{"count":4,"href":"https:\/\/www.cinep.pb.gov.br\/portal\/index.php?rest_route=\/wp\/v2\/pages\/13731\/revisions"}],"predecessor-version":[{"id":14031,"href":"https:\/\/www.cinep.pb.gov.br\/portal\/index.php?rest_route=\/wp\/v2\/pages\/13731\/revisions\/14031"}],"wp:attachment":[{"href":"https:\/\/www.cinep.pb.gov.br\/portal\/index.php?rest_route=%2Fwp%2Fv2%2Fmedia&parent=13731"}],"curies":[{"name":"wp","href":"https:\/\/api.w.org\/{rel}","templated":true}]}}