{"id":7878,"date":"2023-08-01T14:50:24","date_gmt":"2023-08-01T17:50:24","guid":{"rendered":"http:\/\/www.cinep.pb.gov.br\/portal\/?page_id=7878"},"modified":"2023-08-01T15:09:57","modified_gmt":"2023-08-01T18:09:57","slug":"polo-turistico-cabo-branco-3-2","status":"publish","type":"page","link":"http:\/\/www.cinep.pb.gov.br\/portal\/?page_id=7878","title":{"rendered":"Gera\u00e7\u00e3o de Empregos no Polo Tur\u00edstico Cabo Branco: Uma Iniciativa da CINEP"},"content":{"rendered":"\n<p align=\"justify\"><img loading=\"lazy\" decoding=\"async\" class=\"wp-image-6755 size-full alignnone\" src=\"https:\/\/www.cinep.pb.gov.br\/portal\/wp-content\/uploads\/2022\/05\/banner_polo_1170x350.png\" alt=\"\" width=\"1170\" height=\"350\"><\/p>\n<p style=\"text-align: justify;\">&nbsp; &nbsp; &nbsp; &nbsp; &nbsp; &nbsp; &nbsp; A Companhia de Desenvolvimento da Para\u00edba (CINEP) tem o orgulho de anunciar um novo marco no acompanhamento e transpar\u00eancia de nossos projetos. No Polo Tur\u00edstico Cabo Branco, um de nossos maiores e mais ambiciosos empreendimentos, temos observado uma crescente gera\u00e7\u00e3o de empregos refletindo diretamente na economia e bem-estar da nossa popula\u00e7\u00e3o.\n\nReconhecendo a import\u00e2ncia de fornecer informa\u00e7\u00f5es atualizadas e precisas \u00e0 nossa comunidade e stakeholders, a CINEP desenvolveu um Painel de Indicadores (BI &#8211; Business Intelligence) dedicado a este projeto. Com este BI voc\u00ea poder\u00e1 acompanhar em tempo real a gera\u00e7\u00e3o de empregos, visualizando n\u00e3o apenas a quantidade de vagas criadas, mas tamb\u00e9m detalhes sobre as posi\u00e7\u00f5es e localiza\u00e7\u00f5es no polo.\n\nEste painel \u00e9 uma representa\u00e7\u00e3o da nossa dedica\u00e7\u00e3o cont\u00ednua \u00e0 transpar\u00eancia e ao compromisso com o desenvolvimento sustent\u00e1vel da Para\u00edba. Convidamos todos a acessar e explorar os insights oferecidos por este BI.\n\nAcesse o painel aqui: <p><a href=\"https:\/\/201.48.213.97:3000\/public\/dashboard\/65575460-c008-4842-9dbe-448f00c8f205\"><span style=\"font-weight: 400;\">LINK DA PLATAFORMA DE B.I;<\/span><\/a><\/p>\n\n<iframe loading=\"lazy\"\n    src=\"https:\/\/201.48.213.97:3000\/public\/dashboard\/65575460-c008-4842-9dbe-448f00c8f205\"\n    frameborder=\"0\"\n    width=\"1200\"\n    height=\"800\"\n    allowtransparency\n><\/iframe>\n\nJuntos, continuamos construindo uma Para\u00edba mais forte e pr\u00f3spera!.<\/p>\n\n\n\n\n<p><a href=\"https:\/\/www.cinep.pb.gov.br\/portal\/wp-content\/uploads\/2022\/08\/folder_polo_atualizado_azul.pdf\"><span style=\"font-weight: 400;\">Folder Polo Tur\u00edstico &#8211; Portugu\u00eas&nbsp;<\/span><\/a><\/p>\n\n<p><a href=\"https:\/\/www.cinep.pb.gov.br\/portal\/wp-content\/uploads\/2023\/03\/Polo-Tur\u00edstico-Cabo-Branco_-para-o-site-1.pdf\"><span style=\"font-weight: 400;\">Confira mais detalhes sobre o Polo Tur\u00edstico Cabo Branco<\/span><\/a><\/p>\n\n\n\n\n\n<p><\/p>\n","protected":false},"excerpt":{"rendered":"<p>&nbsp; &nbsp; &nbsp; &nbsp; &nbsp; &nbsp; &nbsp; A Companhia de Desenvolvimento da Para\u00edba (CINEP) tem o orgulho de anunciar um novo marco no acompanhamento e transpar\u00eancia de nossos projetos. No Polo Tur\u00edstico Cabo Branco, um de nossos maiores e mais ambiciosos empreendimentos, temos observado uma crescente gera\u00e7\u00e3o de empregos refletindo diretamente na economia e bem-estar da nossa popula\u00e7\u00e3o. Reconhecendo a import\u00e2ncia de fornecer informa\u00e7\u00f5es atualizadas e precisas \u00e0 nossa comunidade<\/p>\n","protected":false},"author":1,"featured_media":0,"parent":0,"menu_order":0,"comment_status":"closed","ping_status":"closed","template":"","meta":{"ngg_post_thumbnail":0,"footnotes":""},"class_list":["entry","author-gertiadmin","post-7878","page","type-page","status-publish"],"_links":{"self":[{"href":"http:\/\/www.cinep.pb.gov.br\/portal\/index.php?rest_route=\/wp\/v2\/pages\/7878","targetHints":{"allow":["GET"]}}],"collection":[{"href":"http:\/\/www.cinep.pb.gov.br\/portal\/index.php?rest_route=\/wp\/v2\/pages"}],"about":[{"href":"http:\/\/www.cinep.pb.gov.br\/portal\/index.php?rest_route=\/wp\/v2\/types\/page"}],"author":[{"embeddable":true,"href":"http:\/\/www.cinep.pb.gov.br\/portal\/index.php?rest_route=\/wp\/v2\/users\/1"}],"replies":[{"embeddable":true,"href":"http:\/\/www.cinep.pb.gov.br\/portal\/index.php?rest_route=%2Fwp%2Fv2%2Fcomments&post=7878"}],"version-history":[{"count":3,"href":"http:\/\/www.cinep.pb.gov.br\/portal\/index.php?rest_route=\/wp\/v2\/pages\/7878\/revisions"}],"predecessor-version":[{"id":7883,"href":"http:\/\/www.cinep.pb.gov.br\/portal\/index.php?rest_route=\/wp\/v2\/pages\/7878\/revisions\/7883"}],"wp:attachment":[{"href":"http:\/\/www.cinep.pb.gov.br\/portal\/index.php?rest_route=%2Fwp%2Fv2%2Fmedia&parent=7878"}],"curies":[{"name":"wp","href":"https:\/\/api.w.org\/{rel}","templated":true}]}}